CRAN Package Check Results for Package briqr

Last updated on 2022-06-27 01:49:46 CEST.

Flavor Version Tinstall Tcheck Ttotal Status Flags
r-devel-linux-x86_64-debian-clang 0.1.0 1.67 24.71 26.38 NOTE
r-devel-linux-x86_64-debian-gcc 0.1.0 1.80 18.97 20.77 NOTE
r-devel-linux-x86_64-fedora-clang 0.1.0 42.82 NOTE
r-devel-linux-x86_64-fedora-gcc 0.1.0 42.69 NOTE
r-devel-windows-x86_64 0.1.0 19.00 50.00 69.00 NOTE
r-patched-linux-x86_64 0.1.0 2.10 23.74 25.84 NOTE
r-release-linux-x86_64 0.1.0 1.69 23.71 25.40 NOTE
r-release-macos-arm64 0.1.0 16.00 NOTE
r-release-macos-x86_64 0.1.0 27.00 NOTE
r-release-windows-x86_64 0.1.0 81.00 53.00 134.00 NOTE
r-oldrel-macos-arm64 0.1.0 20.00 NOTE
r-oldrel-macos-x86_64 0.1.0 26.00 NOTE
r-oldrel-windows-ix86+x86_64 0.1.0 6.00 42.00 48.00 NOTE

Check Details

Version: 0.1.0
Check: LazyData
Result: NOTE
     'LazyData' is specified without a 'data' directory
Flavors: r-devel-linux-x86_64-debian-clang, r-devel-linux-x86_64-debian-gcc, r-devel-linux-x86_64-fedora-clang, r-devel-linux-x86_64-fedora-gcc, r-devel-windows-x86_64, r-patched-linux-x86_64, r-release-linux-x86_64, r-release-macos-arm64, r-release-macos-x86_64, r-release-windows-x86_64, r-oldrel-macos-arm64, r-oldrel-macos-x86_64, r-oldrel-windows-ix86+x86_64