Last updated on 2022-07-02 01:48:51 CEST.
Flavor | Version | Tinstall | Tcheck | Ttotal | Status | Flags |
---|---|---|---|---|---|---|
r-devel-linux-x86_64-debian-clang | 2.17.0 | 75.49 | 579.11 | 654.60 | NOTE | |
r-devel-linux-x86_64-debian-gcc | 2.17.0 | 51.63 | 416.78 | 468.41 | NOTE | |
r-devel-linux-x86_64-fedora-clang | 2.17.0 | 762.12 | WARN | |||
r-devel-linux-x86_64-fedora-gcc | 2.17.0 | 767.60 | WARN | |||
r-devel-windows-x86_64 | 2.17.0 | 155.00 | 197.00 | 352.00 | NOTE | --no-examples --no-tests --no-vignettes |
r-patched-linux-x86_64 | 2.17.0 | 67.86 | 547.21 | 615.07 | NOTE | |
r-release-linux-x86_64 | 2.17.0 | 48.63 | 542.33 | 590.96 | NOTE | |
r-release-macos-arm64 | 2.17.0 | 217.00 | NOTE | |||
r-release-macos-x86_64 | 2.17.0 | 292.00 | NOTE | |||
r-release-windows-x86_64 | 2.17.0 | 280.00 | 196.00 | 476.00 | NOTE | --no-examples --no-tests --no-vignettes |
r-oldrel-macos-arm64 | 2.17.0 | 143.00 | NOTE | |||
r-oldrel-macos-x86_64 | 2.17.0 | 284.00 | NOTE | |||
r-oldrel-windows-ix86+x86_64 | 2.17.0 | 125.00 | 222.00 | 347.00 | NOTE | --no-examples --no-tests --no-vignettes |
Version: 2.17.0
Check: package dependencies
Result: NOTE
Package suggested but not available for checking: 'cmdstanr'
Flavors: r-devel-linux-x86_64-debian-clang, r-devel-linux-x86_64-debian-gcc, r-patched-linux-x86_64, r-release-linux-x86_64, r-release-macos-arm64, r-release-macos-x86_64, r-oldrel-macos-arm64, r-oldrel-macos-x86_64
Version: 2.17.0
Check: package dependencies
Result: WARN
Package suggested but not available for checking: ‘cmdstanr’
Requires (indirectly) orphaned package: ‘gtools’
Flavors: r-devel-linux-x86_64-fedora-clang, r-devel-linux-x86_64-fedora-gcc
Version: 2.17.0
Check: installed package size
Result: NOTE
installed size is 9.0Mb
sub-directories of 1Mb or more:
R 4.2Mb
doc 3.7Mb
Flavors: r-devel-linux-x86_64-fedora-clang, r-release-macos-arm64, r-release-macos-x86_64, r-oldrel-macos-arm64, r-oldrel-macos-x86_64
Version: 2.17.0
Flags: --no-examples --no-tests --no-vignettes
Check: package dependencies
Result: NOTE
Package suggested but not available for checking: 'cmdstanr'
Flavors: r-devel-windows-x86_64, r-release-windows-x86_64, r-oldrel-windows-ix86+x86_64
Version: 2.17.0
Flags: --no-examples --no-tests --no-vignettes
Check: installed package size
Result: NOTE
installed size is 8.9Mb
sub-directories of 1Mb or more:
R 4.2Mb
doc 3.6Mb
Flavors: r-devel-windows-x86_64, r-release-windows-x86_64, r-oldrel-windows-ix86+x86_64