Last updated on 2024-08-16 01:48:14 CEST.
Flavor | Version | Tinstall | Tcheck | Ttotal | Status | Flags |
---|---|---|---|---|---|---|
r-devel-linux-x86_64-debian-clang | 1.0.6 | 12.10 | 266.58 | 278.68 | NOTE | |
r-devel-linux-x86_64-debian-gcc | 1.0.6 | 8.24 | 175.99 | 184.23 | NOTE | |
r-devel-linux-x86_64-fedora-clang | 1.0.6 | 438.82 | OK | |||
r-devel-linux-x86_64-fedora-gcc | 1.0.6 | 452.46 | OK | |||
r-devel-windows-x86_64 | 1.0.6 | 18.00 | 392.00 | 410.00 | NOTE | |
r-patched-linux-x86_64 | 1.0.6 | 20.24 | 246.41 | 266.65 | OK | |
r-release-linux-x86_64 | 1.0.6 | 12.37 | 247.62 | 259.99 | OK | |
r-release-macos-arm64 | 1.0.6 | 124.00 | OK | |||
r-release-macos-x86_64 | 1.0.6 | 195.00 | OK | |||
r-release-windows-x86_64 | 1.0.6 | 18.00 | 385.00 | 403.00 | OK | |
r-oldrel-macos-arm64 | 1.0.6 | 133.00 | OK | |||
r-oldrel-macos-x86_64 | 1.0.6 | 355.00 | OK | |||
r-oldrel-windows-x86_64 | 1.0.6 | 23.00 | 486.00 | 509.00 | OK |
Version: 1.0.6
Check: Rd cross-references
Result: NOTE
Found the following Rd file(s) with Rd \link{} targets missing package
anchors:
glance.survfit.Rd: summary.survfit
Please provide package anchors for all Rd \link{} targets not in the
package itself and the base packages.
Flavors: r-devel-linux-x86_64-debian-clang, r-devel-linux-x86_64-debian-gcc, r-devel-windows-x86_64