Last updated on 2025-05-25 01:49:33 CEST.
Flavor | Version | Tinstall | Tcheck | Ttotal | Status | Flags |
---|---|---|---|---|---|---|
r-devel-linux-x86_64-debian-clang | 0.1.2 | 29.23 | 178.29 | 207.52 | NOTE | |
r-devel-linux-x86_64-debian-gcc | 0.1.2 | 20.32 | 128.38 | 148.70 | NOTE | |
r-devel-linux-x86_64-fedora-clang | 0.1.2 | 323.91 | OK | |||
r-devel-linux-x86_64-fedora-gcc | 0.1.2 | 313.96 | OK | |||
r-devel-windows-x86_64 | 0.1.2 | 26.00 | 159.00 | 185.00 | OK | |
r-patched-linux-x86_64 | 0.1.2 | 29.85 | 170.32 | 200.17 | OK | |
r-release-linux-x86_64 | 0.1.2 | 32.16 | 171.59 | 203.75 | OK | |
r-release-macos-arm64 | 0.1.2 | 76.00 | OK | |||
r-release-macos-x86_64 | 0.1.2 | 190.00 | OK | |||
r-release-windows-x86_64 | 0.1.2 | 26.00 | 156.00 | 182.00 | OK | |
r-oldrel-macos-arm64 | 0.1.2 | 82.00 | NOTE | |||
r-oldrel-macos-x86_64 | 0.1.2 | 118.00 | NOTE | |||
r-oldrel-windows-x86_64 | 0.1.2 | 33.00 | 205.00 | 238.00 | NOTE |
Version: 0.1.2
Check: CRAN incoming feasibility
Result: NOTE
Maintainer: ‘Joshua Ray Tanzer <jtanzer@lifespan.org>’
No Authors@R field in DESCRIPTION.
Please add one, modifying
Authors@R: person(given = c("Joshua", "Ray"),
family = "Tanzer",
role = c("aut", "cre"),
email = "jtanzer@lifespan.org")
as necessary.
Flavors: r-devel-linux-x86_64-debian-clang, r-devel-linux-x86_64-debian-gcc
Version: 0.1.2
Check: LazyData
Result: NOTE
'LazyData' is specified without a 'data' directory
Flavors: r-oldrel-macos-arm64, r-oldrel-macos-x86_64, r-oldrel-windows-x86_64