Last updated on 2024-08-16 01:48:14 CEST.
Flavor | Version | Tinstall | Tcheck | Ttotal | Status | Flags |
---|---|---|---|---|---|---|
r-devel-linux-x86_64-debian-clang | 2.3.3 | 8.00 | 85.10 | 93.10 | NOTE | |
r-devel-linux-x86_64-debian-gcc | 2.3.3 | 6.05 | 57.24 | 63.29 | NOTE | |
r-devel-linux-x86_64-fedora-clang | 2.3.3 | 147.47 | OK | |||
r-devel-linux-x86_64-fedora-gcc | 2.3.3 | 151.48 | OK | |||
r-devel-windows-x86_64 | 2.3.3 | 12.00 | 134.00 | 146.00 | NOTE | |
r-patched-linux-x86_64 | 2.3.3 | 18.56 | 77.98 | 96.54 | OK | |
r-release-linux-x86_64 | 2.3.3 | 8.95 | 80.87 | 89.82 | OK | |
r-release-macos-arm64 | 2.3.3 | 66.00 | OK | |||
r-release-macos-x86_64 | 2.3.3 | 92.00 | OK | |||
r-release-windows-x86_64 | 2.3.3 | 12.00 | 130.00 | 142.00 | OK | |
r-oldrel-macos-arm64 | 2.3.3 | 89.00 | OK | |||
r-oldrel-macos-x86_64 | 2.3.3 | 141.00 | OK | |||
r-oldrel-windows-x86_64 | 2.3.3 | 15.00 | 156.00 | 171.00 | OK |
Version: 2.3.3
Check: Rd cross-references
Result: NOTE
Found the following Rd file(s) with Rd \link{} targets missing package
anchors:
insertTab.Rd: tabPanel
Please provide package anchors for all Rd \link{} targets not in the
package itself and the base packages.
Flavors: r-devel-linux-x86_64-debian-clang, r-devel-linux-x86_64-debian-gcc, r-devel-windows-x86_64