Last updated on 2022-06-30 01:49:04 CEST.
Flavor | Version | Tinstall | Tcheck | Ttotal | Status | Flags |
---|---|---|---|---|---|---|
r-devel-linux-x86_64-debian-clang | 1.1 | 10.17 | 108.94 | 119.11 | OK | |
r-devel-linux-x86_64-debian-gcc | 1.1 | 9.28 | 81.66 | 90.94 | OK | |
r-devel-linux-x86_64-fedora-clang | 1.1 | 158.57 | OK | |||
r-devel-linux-x86_64-fedora-gcc | 1.1 | 156.08 | OK | |||
r-devel-windows-x86_64 | 1.1 | 19.00 | 139.00 | 158.00 | OK | |
r-patched-linux-x86_64 | 1.1 | 10.74 | 102.48 | 113.22 | OK | |
r-release-linux-x86_64 | 1.1 | 10.60 | 103.27 | 113.87 | OK | |
r-release-macos-arm64 | 1.1 | 46.00 | OK | |||
r-release-macos-x86_64 | 1.1 | 93.00 | OK | |||
r-release-windows-x86_64 | 1.1 | 23.00 | 138.00 | 161.00 | OK | |
r-oldrel-macos-arm64 | 1.1 | 45.00 | OK | |||
r-oldrel-macos-x86_64 | 1.1 | 62.00 | OK | |||
r-oldrel-windows-ix86+x86_64 | 1.1 | 5.00 | 11.00 | 16.00 | ERROR |
Version: 1.1
Check: whether package can be installed
Result: ERROR
Installation failed.
Flavor: r-oldrel-windows-ix86+x86_64