Last updated on 2024-04-20 01:49:51 CEST.
Flavor | Version | Tinstall | Tcheck | Ttotal | Status | Flags |
---|---|---|---|---|---|---|
r-devel-linux-x86_64-debian-clang | 0.7.0 | 9.74 | 145.34 | 155.08 | OK | |
r-devel-linux-x86_64-debian-gcc | 0.7.0 | OK | ||||
r-devel-linux-x86_64-fedora-clang | 0.7.0 | 183.53 | NOTE | |||
r-devel-linux-x86_64-fedora-gcc | 0.7.0 | 188.02 | OK | |||
r-prerel-macos-arm64 | 0.7.0 | 46.00 | NOTE | |||
r-prerel-macos-x86_64 | 0.7.0 | 126.00 | NOTE | |||
r-prerel-windows-x86_64 | 0.7.0 | 15.00 | 109.00 | 124.00 | NOTE | |
r-patched-linux-x86_64 | 0.7.0 | 17.74 | 145.00 | 162.74 | OK | |
r-release-linux-x86_64 | 0.7.0 | 9.53 | 143.31 | 152.84 | OK | |
r-release-macos-arm64 | 0.7.0 | 50.00 | NOTE | |||
r-release-macos-x86_64 | 0.7.0 | 106.00 | NOTE | |||
r-release-windows-x86_64 | 0.7.0 | 20.00 | 133.00 | 153.00 | NOTE | |
r-oldrel-macos-arm64 | 0.7.0 | 51.00 | NOTE | |||
r-oldrel-windows-x86_64 | 0.7.0 | 21.00 | 124.00 | 145.00 | NOTE |
Version: 0.7.0
Check: installed package size
Result: NOTE
installed size is 12.2Mb
sub-directories of 1Mb or more:
components 1.0Mb
fonts 2.8Mb
lib 5.6Mb
Flavors: r-devel-linux-x86_64-fedora-clang, r-prerel-macos-arm64, r-prerel-macos-x86_64, r-prerel-windows-x86_64, r-release-macos-arm64, r-release-macos-x86_64, r-release-windows-x86_64, r-oldrel-macos-arm64, r-oldrel-windows-x86_64