CRAN Package Check Results for Package bsplus

Last updated on 2022-05-23 01:50:04 CEST.

Flavor Version Tinstall Tcheck Ttotal Status Flags
r-devel-linux-x86_64-debian-clang 0.1.3 3.69 48.32 52.01 OK
r-devel-linux-x86_64-debian-gcc 0.1.3 3.02 37.65 40.67 OK
r-devel-linux-x86_64-fedora-clang 0.1.3 63.38 NOTE
r-devel-linux-x86_64-fedora-gcc 0.1.3 61.42 NOTE
r-devel-windows-x86_64 0.1.3 26.00 66.00 92.00 OK
r-patched-linux-x86_64 0.1.3 3.69 46.95 50.64 OK
r-release-linux-x86_64 0.1.3 3.86 46.42 50.28 OK
r-release-macos-arm64 0.1.3 22.00 NOTE
r-release-macos-x86_64 0.1.3 29.00 NOTE
r-release-windows-x86_64 0.1.3 20.00 68.00 88.00 OK
r-oldrel-macos-arm64 0.1.3 21.00 NOTE
r-oldrel-macos-x86_64 0.1.3 31.00 NOTE
r-oldrel-windows-ix86+x86_64 0.1.3 10.00 60.00 70.00 OK

Check Details

Version: 0.1.3
Check: dependencies in R code
Result: NOTE
    Namespace in Imports field not imported from: ‘methods’
     All declared Imports should be used.
Flavors: r-devel-linux-x86_64-fedora-clang, r-devel-linux-x86_64-fedora-gcc, r-release-macos-arm64, r-release-macos-x86_64, r-oldrel-macos-arm64, r-oldrel-macos-x86_64