Last updated on 2022-05-20 01:51:00 CEST.
Flavor | Version | Tinstall | Tcheck | Ttotal | Status | Flags |
---|---|---|---|---|---|---|
r-devel-linux-x86_64-debian-clang | 2.0.1 | 719.09 | 481.98 | 1201.07 | OK | |
r-devel-linux-x86_64-debian-gcc | 2.0.1 | 592.55 | 314.66 | 907.21 | OK | |
r-devel-linux-x86_64-fedora-clang | 2.0.1 | 1697.30 | NOTE | |||
r-devel-linux-x86_64-fedora-gcc | 2.0.1 | 1514.55 | OK | |||
r-devel-windows-x86_64 | 2.0.1 | 503.00 | 517.00 | 1020.00 | NOTE | |
r-patched-linux-x86_64 | 2.0.1 | 632.94 | 407.85 | 1040.79 | OK | |
r-release-linux-x86_64 | 2.0.1 | 610.10 | 415.34 | 1025.44 | OK | |
r-release-macos-arm64 | 2.0.1 | 379.00 | NOTE | |||
r-release-macos-x86_64 | 2.0.1 | 431.00 | NOTE | |||
r-release-windows-x86_64 | 2.0.1 | 499.00 | 517.00 | 1016.00 | NOTE | |
r-oldrel-macos-arm64 | 2.0.1 | 298.00 | NOTE | |||
r-oldrel-macos-x86_64 | 2.0.1 | 467.00 | NOTE | |||
r-oldrel-windows-ix86+x86_64 | 2.0.1 | 947.00 | 10.00 | 957.00 | ERROR |
Version: 2.0.1
Check: installed package size
Result: NOTE
installed size is 26.7Mb
sub-directories of 1Mb or more:
data 1.1Mb
doc 2.8Mb
libs 22.2Mb
Flavors: r-devel-linux-x86_64-fedora-clang, r-devel-windows-x86_64, r-release-macos-arm64, r-release-macos-x86_64, r-release-windows-x86_64, r-oldrel-macos-arm64, r-oldrel-macos-x86_64
Version: 2.0.1
Check: whether package can be installed
Result: ERROR
Installation failed.
Flavor: r-oldrel-windows-ix86+x86_64