Last updated on 2024-03-28 01:53:52 CET.
Flavor | Version | Tinstall | Tcheck | Ttotal | Status | Flags |
---|---|---|---|---|---|---|
r-devel-linux-x86_64-debian-clang | 1.0 | 10.97 | 70.09 | 81.06 | OK | |
r-devel-linux-x86_64-debian-gcc | 1.0 | 6.95 | 51.43 | 58.38 | OK | |
r-devel-linux-x86_64-fedora-clang | 1.0 | 95.57 | NOTE | |||
r-devel-linux-x86_64-fedora-gcc | 1.0 | 93.97 | NOTE | |||
r-devel-windows-x86_64 | 1.0 | 10.00 | 66.00 | 76.00 | OK | |
r-patched-linux-x86_64 | 1.0 | 6.74 | 65.02 | 71.76 | OK | |
r-release-linux-x86_64 | 1.0 | 8.95 | 65.78 | 74.73 | OK | |
r-release-macos-arm64 | 1.0 | 30.00 | OK | |||
r-release-macos-x86_64 | 1.0 | 48.00 | OK | |||
r-release-windows-x86_64 | 1.0 | 11.00 | 76.00 | 87.00 | OK | |
r-oldrel-macos-arm64 | 1.0 | 33.00 | NOTE | |||
r-oldrel-windows-x86_64 | 1.0 | 13.00 | 78.00 | 91.00 | OK |
Version: 1.0
Check: dependencies in R code
Result: NOTE
Namespaces in Imports field not imported from:
‘mvtnorm’ ‘ssmn’
All declared Imports should be used.
Flavors: r-devel-linux-x86_64-fedora-clang, r-devel-linux-x86_64-fedora-gcc, r-oldrel-macos-arm64