Last updated on 2025-10-09 02:51:37 CEST.
Flavor | Version | Tinstall | Tcheck | Ttotal | Status | Flags |
---|---|---|---|---|---|---|
r-devel-linux-x86_64-debian-clang | 0.9.11 | 90.29 | 104.82 | 195.11 | OK | |
r-devel-linux-x86_64-debian-gcc | 0.9.11 | 69.54 | 74.39 | 143.93 | OK | |
r-devel-linux-x86_64-fedora-clang | 0.9.11 | 410.27 | OK | |||
r-devel-linux-x86_64-fedora-gcc | 0.9.11 | 348.92 | OK | |||
r-devel-windows-x86_64 | 0.9.11 | 116.00 | 208.00 | 324.00 | OK | |
r-patched-linux-x86_64 | 0.9.11 | 99.03 | 100.31 | 199.34 | OK | |
r-release-linux-x86_64 | 0.9.11 | 98.36 | 101.35 | 199.71 | OK | |
r-release-macos-arm64 | 0.9.11 | 86.00 | OK | |||
r-release-macos-x86_64 | 0.9.11 | 210.00 | OK | |||
r-release-windows-x86_64 | 0.9.11 | 112.00 | 210.00 | 322.00 | OK | |
r-oldrel-macos-arm64 | 0.9.10 | 82.00 | NOTE | |||
r-oldrel-macos-x86_64 | 0.9.10 | 123.00 | NOTE | |||
r-oldrel-windows-x86_64 | 0.9.10 | 138.00 | 210.00 | 348.00 | NOTE |
Version: 0.9.10
Check: installed package size
Result: NOTE
installed size is 110.8Mb
sub-directories of 1Mb or more:
libs 109.9Mb
Flavors: r-oldrel-macos-arm64, r-oldrel-macos-x86_64, r-oldrel-windows-x86_64