Last updated on 2022-05-21 02:50:40 CEST.
Flavor | Version | Tinstall | Tcheck | Ttotal | Status | Flags |
---|---|---|---|---|---|---|
r-devel-linux-x86_64-debian-clang | 1.1.0 | 5.91 | 53.02 | 58.93 | OK | |
r-devel-linux-x86_64-debian-gcc | 1.1.0 | 4.23 | 40.21 | 44.44 | OK | |
r-devel-linux-x86_64-fedora-clang | 1.1.0 | 68.86 | OK | |||
r-devel-linux-x86_64-fedora-gcc | 1.1.0 | 66.76 | OK | |||
r-devel-windows-x86_64 | 1.1.0 | 29.00 | 75.00 | 104.00 | OK | |
r-patched-linux-x86_64 | 1.1.0 | 6.92 | 50.47 | 57.39 | OK | |
r-release-linux-x86_64 | 1.1.0 | 6.27 | 50.18 | 56.45 | OK | |
r-release-macos-arm64 | 1.1.0 | 22.00 | NOTE | |||
r-release-macos-x86_64 | 1.1.0 | 32.00 | OK | |||
r-release-windows-x86_64 | 1.1.0 | 34.00 | 75.00 | 109.00 | OK | |
r-oldrel-macos-arm64 | 1.1.0 | 29.00 | OK | |||
r-oldrel-macos-x86_64 | 1.1.0 | 33.00 | OK | |||
r-oldrel-windows-ix86+x86_64 | 1.1.0 | 11.00 | 65.00 | 76.00 | OK |
Version: 1.1.0
Check: package dependencies
Result: NOTE
Packages suggested but not available for checking: 'graph', 'Rgraphviz'
Flavor: r-release-macos-arm64