Last updated on 2023-06-05 01:52:00 CEST.
Flavor | Version | Tinstall | Tcheck | Ttotal | Status | Flags |
---|---|---|---|---|---|---|
r-devel-linux-x86_64-debian-clang | 0.2.0 | 92.62 | 153.60 | 246.22 | NOTE | |
r-devel-linux-x86_64-debian-gcc | 0.2.0 | 72.13 | 113.34 | 185.47 | NOTE | |
r-devel-linux-x86_64-fedora-clang | 0.2.0 | 341.58 | NOTE | |||
r-devel-linux-x86_64-fedora-gcc | 0.2.0 | 337.95 | NOTE | |||
r-devel-windows-x86_64 | 0.2.0 | 80.00 | 152.00 | 232.00 | NOTE | |
r-patched-linux-x86_64 | 0.2.0 | 79.99 | 141.97 | 221.96 | NOTE | |
r-release-linux-x86_64 | 0.2.0 | 76.49 | 142.28 | 218.77 | NOTE | |
r-release-macos-arm64 | 0.2.0 | 96.00 | NOTE | |||
r-release-macos-x86_64 | 0.2.0 | 156.00 | NOTE | |||
r-release-windows-x86_64 | 0.2.0 | 96.00 | 186.00 | 282.00 | NOTE | |
r-oldrel-macos-arm64 | 0.2.0 | 89.00 | OK | |||
r-oldrel-macos-x86_64 | 0.2.0 | 110.00 | OK | |||
r-oldrel-windows-x86_64 | 0.2.0 | 94.00 | 184.00 | 278.00 | OK |
Version: 0.2.0
Check: C++ specification
Result: NOTE
Specified C++11: please drop specification unless essential
Flavors: r-devel-linux-x86_64-debian-clang, r-devel-linux-x86_64-debian-gcc, r-devel-linux-x86_64-fedora-clang, r-devel-linux-x86_64-fedora-gcc, r-devel-windows-x86_64, r-patched-linux-x86_64, r-release-linux-x86_64, r-release-macos-arm64, r-release-macos-x86_64, r-release-windows-x86_64