Last updated on 2022-06-30 01:49:04 CEST.
Flavor | Version | Tinstall | Tcheck | Ttotal | Status | Flags |
---|---|---|---|---|---|---|
r-devel-linux-x86_64-debian-clang | 1.0.0 | 13.00 | 177.08 | 190.08 | OK | |
r-devel-linux-x86_64-debian-gcc | 1.0.0 | 10.06 | 131.37 | 141.43 | OK | |
r-devel-linux-x86_64-fedora-clang | 1.0.0 | 231.37 | NOTE | |||
r-devel-linux-x86_64-fedora-gcc | 1.0.0 | 244.07 | OK | |||
r-devel-windows-x86_64 | 1.0.0 | 92.00 | 208.00 | 300.00 | NOTE | |
r-patched-linux-x86_64 | 1.0.0 | 8.33 | 163.71 | 172.04 | OK | |
r-release-linux-x86_64 | 1.0.0 | 7.75 | 163.30 | 171.05 | OK | |
r-release-macos-arm64 | 1.0.0 | 69.00 | NOTE | |||
r-release-macos-x86_64 | 1.0.0 | 117.00 | NOTE | |||
r-release-windows-x86_64 | 1.0.0 | 102.00 | 209.00 | 311.00 | NOTE | |
r-oldrel-macos-arm64 | 1.0.0 | 66.00 | NOTE | |||
r-oldrel-macos-x86_64 | 1.0.0 | 92.00 | NOTE | |||
r-oldrel-windows-ix86+x86_64 | 1.0.0 | 29.00 | 239.00 | 268.00 | NOTE |
Version: 1.0.0
Check: package dependencies
Result: NOTE
Imports includes 31 non-default packages.
Importing from so many packages makes the package vulnerable to any of
them becoming unavailable. Move as many as possible to Suggests and
use conditionally.
Flavor: r-devel-linux-x86_64-fedora-clang
Version: 1.0.0
Check: installed package size
Result: NOTE
installed size is 6.1Mb
sub-directories of 1Mb or more:
doc 2.3Mb
extdata 3.4Mb
Flavors: r-devel-linux-x86_64-fedora-clang, r-devel-windows-x86_64, r-release-macos-arm64, r-release-macos-x86_64, r-release-windows-x86_64, r-oldrel-macos-arm64, r-oldrel-macos-x86_64, r-oldrel-windows-ix86+x86_64