CRAN Package Check Results for Package bullwhipgame

Last updated on 2025-11-25 02:50:19 CET.

Flavor Version Tinstall Tcheck Ttotal Status Flags
r-devel-linux-x86_64-debian-clang 0.1.0 1.53 17.96 19.49 NOTE
r-devel-linux-x86_64-debian-gcc 0.1.0 1.38 15.46 16.84 NOTE
r-devel-linux-x86_64-fedora-clang 0.1.0 29.17 OK
r-devel-linux-x86_64-fedora-gcc 0.1.0 27.27 OK
r-devel-windows-x86_64 0.1.0 5.00 35.00 40.00 OK
r-patched-linux-x86_64 0.1.0 1.11 17.28 18.39 OK
r-release-linux-x86_64 0.1.0 1.56 17.25 18.81 OK
r-release-macos-arm64 0.1.0 OK
r-release-macos-x86_64 0.1.0 1.00 23.00 24.00 OK
r-release-windows-x86_64 0.1.0 4.00 41.00 45.00 OK
r-oldrel-macos-arm64 0.1.0 NOTE
r-oldrel-macos-x86_64 0.1.0 1.00 18.00 19.00 NOTE
r-oldrel-windows-x86_64 0.1.0 6.00 41.00 47.00 NOTE

Check Details

Version: 0.1.0
Check: CRAN incoming feasibility
Result: NOTE Maintainer: ‘Marlene Marchena <marchenamarlene@gmail.com>’ No Authors@R field in DESCRIPTION. Please add one, modifying Authors@R: person(given = "Marlene", family = "Marchena", role = c("aut", "cre"), email = "marchenamarlene@gmail.com") as necessary. The Description field contains <arXiv:1009.3977>. Please refer to arXiv e-prints via their arXiv DOI <doi:10.48550/arXiv.YYMM.NNNNN>. Flavors: r-devel-linux-x86_64-debian-clang, r-devel-linux-x86_64-debian-gcc

Version: 0.1.0
Check: LazyData
Result: NOTE 'LazyData' is specified without a 'data' directory Flavors: r-oldrel-macos-arm64, r-oldrel-macos-x86_64, r-oldrel-windows-x86_64