Last updated on 2022-05-27 02:50:11 CEST.
Flavor | Version | Tinstall | Tcheck | Ttotal | Status | Flags |
---|---|---|---|---|---|---|
r-devel-linux-x86_64-debian-clang | 0.1.0 | 7.23 | 66.98 | 74.21 | OK | |
r-devel-linux-x86_64-debian-gcc | 0.1.0 | 5.59 | 56.50 | 62.09 | OK | |
r-devel-linux-x86_64-fedora-clang | 0.1.0 | 93.22 | NOTE | |||
r-devel-linux-x86_64-fedora-gcc | 0.1.0 | 88.27 | NOTE | |||
r-devel-windows-x86_64 | 0.1.0 | 34.00 | 83.00 | 117.00 | OK | |
r-patched-linux-x86_64 | 0.1.0 | 3.87 | 61.75 | 65.62 | OK | |
r-release-linux-x86_64 | 0.1.0 | 4.12 | 64.33 | 68.45 | OK | |
r-release-macos-arm64 | 0.1.0 | 23.00 | NOTE | |||
r-release-macos-x86_64 | 0.1.0 | 45.00 | NOTE | |||
r-release-windows-x86_64 | 0.1.0 | 35.00 | 85.00 | 120.00 | OK | |
r-oldrel-macos-arm64 | 0.1.0 | 30.00 | NOTE | |||
r-oldrel-macos-x86_64 | 0.1.0 | 43.00 | NOTE | |||
r-oldrel-windows-ix86+x86_64 | 0.1.0 | 16.00 | 76.00 | 92.00 | OK |
Version: 0.1.0
Check: dependencies in R code
Result: NOTE
Namespaces in Imports field not imported from:
‘Hmisc’ ‘magrittr’ ‘rmarkdown’
All declared Imports should be used.
Flavors: r-devel-linux-x86_64-fedora-clang, r-devel-linux-x86_64-fedora-gcc, r-release-macos-arm64, r-release-macos-x86_64, r-oldrel-macos-arm64, r-oldrel-macos-x86_64