Last updated on 2024-04-24 01:52:05 CEST.
Flavor | Version | Tinstall | Tcheck | Ttotal | Status | Flags |
---|---|---|---|---|---|---|
r-devel-linux-x86_64-debian-clang | 0.1.0 | 4.55 | 55.82 | 60.37 | OK | |
r-devel-linux-x86_64-debian-gcc | 0.1.0 | 4.24 | 41.08 | 45.32 | OK | |
r-devel-linux-x86_64-fedora-clang | 0.1.0 | 78.08 | NOTE | |||
r-devel-linux-x86_64-fedora-gcc | 0.1.0 | 84.53 | NOTE | |||
r-prerel-macos-arm64 | 0.1.0 | 31.00 | OK | |||
r-prerel-windows-x86_64 | 0.1.0 | 7.00 | 63.00 | 70.00 | OK | |
r-patched-linux-x86_64 | 0.1.0 | 6.33 | 52.41 | 58.74 | OK | |
r-release-linux-x86_64 | 0.1.0 | 3.49 | 51.68 | 55.17 | OK | |
r-release-macos-arm64 | 0.1.0 | 31.00 | OK | |||
r-release-macos-x86_64 | 0.1.0 | 44.00 | OK | |||
r-release-windows-x86_64 | 0.1.0 | 9.00 | 71.00 | 80.00 | OK | |
r-oldrel-macos-arm64 | 0.1.0 | 23.00 | NOTE | |||
r-oldrel-windows-x86_64 | 0.1.0 | 8.00 | 72.00 | 80.00 | OK |
Version: 0.1.0
Check: dependencies in R code
Result: NOTE
Namespaces in Imports field not imported from:
‘Hmisc’ ‘magrittr’ ‘rmarkdown’
All declared Imports should be used.
Flavors: r-devel-linux-x86_64-fedora-clang, r-devel-linux-x86_64-fedora-gcc, r-oldrel-macos-arm64