Last updated on 2024-05-07 01:53:06 CEST.
Flavor | Version | Tinstall | Tcheck | Ttotal | Status | Flags |
---|---|---|---|---|---|---|
r-devel-linux-x86_64-debian-clang | 0.1.0 | 292.78 | 148.38 | 441.16 | NOTE | |
r-devel-linux-x86_64-debian-gcc | 0.1.0 | 287.50 | 127.36 | 414.86 | NOTE | |
r-devel-linux-x86_64-fedora-clang | 0.1.0 | 559.49 | NOTE | |||
r-devel-linux-x86_64-fedora-gcc | 0.1.0 | 870.31 | NOTE | |||
r-devel-windows-x86_64 | 0.1.0 | 254.00 | 153.00 | 407.00 | NOTE | |
r-patched-linux-x86_64 | 0.1.0 | 244.98 | 165.73 | 410.71 | NOTE | |
r-release-linux-x86_64 | 0.1.0 | 348.58 | 168.90 | 517.48 | NOTE | |
r-release-macos-arm64 | 0.1.0 | 135.00 | NOTE | |||
r-release-windows-x86_64 | 0.1.0 | 249.00 | 152.00 | 401.00 | NOTE | |
r-oldrel-macos-arm64 | 0.1.0 | 133.00 | NOTE | |||
r-oldrel-macos-x86_64 | 0.1.0 | 214.00 | NOTE | |||
r-oldrel-windows-x86_64 | 0.1.0 | 306.00 | 188.00 | 494.00 | NOTE |
Version: 0.1.0
Check: for GNU extensions in Makefiles
Result: NOTE
GNU make is a SystemRequirements.
Flavors: r-devel-linux-x86_64-debian-clang, r-devel-linux-x86_64-debian-gcc, r-devel-linux-x86_64-fedora-clang, r-devel-linux-x86_64-fedora-gcc, r-devel-windows-x86_64, r-patched-linux-x86_64, r-release-linux-x86_64, r-release-macos-arm64, r-release-windows-x86_64, r-oldrel-macos-arm64, r-oldrel-macos-x86_64, r-oldrel-windows-x86_64
Version: 0.1.0
Check: dependencies in R code
Result: NOTE
Namespaces in Imports field not imported from:
‘RcppParallel’ ‘rstantools’
All declared Imports should be used.
Flavors: r-devel-linux-x86_64-fedora-clang, r-devel-linux-x86_64-fedora-gcc
Version: 0.1.0
Check: installed package size
Result: NOTE
installed size is 56.4Mb
sub-directories of 1Mb or more:
libs 56.0Mb
Flavors: r-release-macos-arm64, r-oldrel-macos-arm64, r-oldrel-macos-x86_64