CRAN Package Check Results for Package cOde

Last updated on 2025-05-25 01:49:36 CEST.

Flavor Version Tinstall Tcheck Ttotal Status Flags
r-devel-linux-x86_64-debian-clang 1.1.1 3.11 26.96 30.07 NOTE
r-devel-linux-x86_64-debian-gcc 1.1.1 2.31 21.53 23.84 NOTE
r-devel-linux-x86_64-fedora-clang 1.1.1 48.91 OK
r-devel-linux-x86_64-fedora-gcc 1.1.1 47.52 OK
r-devel-windows-x86_64 1.1.1 4.00 91.00 95.00 OK
r-patched-linux-x86_64 1.1.1 3.36 25.86 29.22 OK
r-release-linux-x86_64 1.1.1 2.85 26.00 28.85 OK
r-release-macos-arm64 1.1.1 19.00 OK
r-release-macos-x86_64 1.1.1 41.00 OK
r-release-windows-x86_64 1.1.1 6.00 54.00 60.00 OK
r-oldrel-macos-arm64 1.1.1 25.00 NOTE
r-oldrel-macos-x86_64 1.1.1 27.00 NOTE
r-oldrel-windows-x86_64 1.1.1 5.00 58.00 63.00 OK

Check Details

Version: 1.1.1
Check: CRAN incoming feasibility
Result: NOTE Maintainer: ‘Daniel Kaschek <daniel.kaschek@gmail.com>’ No Authors@R field in DESCRIPTION. Please add one, modifying Authors@R: person(given = "Daniel", family = "Kaschek", role = c("aut", "cre"), email = "daniel.kaschek@gmail.com") as necessary. Flavors: r-devel-linux-x86_64-debian-clang, r-devel-linux-x86_64-debian-gcc

Version: 1.1.1
Check: package dependencies
Result: NOTE Package suggested but not available for checking: ‘bvpSolve’ Flavors: r-oldrel-macos-arm64, r-oldrel-macos-x86_64