Last updated on 2025-10-22 01:51:21 CEST.
Flavor | Version | Tinstall | Tcheck | Ttotal | Status | Flags |
---|---|---|---|---|---|---|
r-devel-linux-x86_64-debian-clang | 0.6.1 | 19.10 | 183.03 | 202.13 | NOTE | |
r-devel-linux-x86_64-debian-gcc | 0.6.1 | 12.68 | 120.16 | 132.84 | NOTE | |
r-devel-linux-x86_64-fedora-clang | 0.6.1 | 100.00 | 229.37 | 329.37 | NOTE | |
r-devel-linux-x86_64-fedora-gcc | 0.6.1 | 39.00 | 273.31 | 312.31 | NOTE | |
r-devel-windows-x86_64 | 0.6.1 | 20.00 | 178.00 | 198.00 | OK | |
r-patched-linux-x86_64 | 0.6.1 | 21.82 | 174.91 | 196.73 | OK | |
r-release-linux-x86_64 | 0.6.1 | 18.69 | 172.43 | 191.12 | OK | |
r-release-macos-arm64 | 0.6.1 | 6.00 | 70.00 | 76.00 | OK | |
r-release-macos-x86_64 | 0.6.1 | 26.00 | 258.00 | 284.00 | OK | |
r-release-windows-x86_64 | 0.6.1 | 20.00 | 179.00 | 199.00 | OK | |
r-oldrel-macos-arm64 | 0.6.1 | 6.00 | 73.00 | 79.00 | OK | |
r-oldrel-macos-x86_64 | 0.6.1 | 17.00 | 203.00 | 220.00 | OK | |
r-oldrel-windows-x86_64 | 0.6.1 | 29.00 | 230.00 | 259.00 | OK |
Version: 0.6.1
Check: HTML version of manual
Result: NOTE
Found the following HTML validation problems:
calculateReliabilities.html:97:1 (calculateReliabilities.Rd:47): Warning: missing </ul> before </div>
csem_arguments.html:815:1 (csem_arguments.Rd:507): Warning: missing </ul> before </div>
nonlinear_estimation_utilities.html:72:1 (nonlinear_estimation_utilities.Rd:33): Warning: missing </ul> before </div>
Flavors: r-devel-linux-x86_64-debian-clang, r-devel-linux-x86_64-debian-gcc
Version: 0.6.1
Check: dependencies in R code
Result: NOTE
Namespace in Imports field not imported from: ‘Rdpack’
All declared Imports should be used.
Flavors: r-devel-linux-x86_64-fedora-clang, r-devel-linux-x86_64-fedora-gcc