CRAN Package Check Results for Package caRecall

Last updated on 2025-05-18 02:49:32 CEST.

Flavor Version Tinstall Tcheck Ttotal Status Flags
r-devel-linux-x86_64-debian-clang 0.1.0 2.02 25.76 27.78 OK
r-devel-linux-x86_64-debian-gcc 0.1.0 1.48 20.91 22.39 OK
r-devel-linux-x86_64-fedora-clang 0.1.0 42.55 OK
r-devel-linux-x86_64-fedora-gcc 0.1.0 54.61 OK
r-devel-windows-x86_64 0.1.0 4.00 46.00 50.00 OK
r-patched-linux-x86_64 0.1.0 1.71 23.73 25.44 OK
r-release-linux-x86_64 0.1.0 1.95 23.51 25.46 OK
r-release-macos-arm64 0.1.0 66.00 OK
r-release-macos-x86_64 0.1.0 77.00 OK
r-release-windows-x86_64 0.1.0 4.00 52.00 56.00 OK
r-oldrel-macos-arm64 0.1.0 54.00 NOTE
r-oldrel-macos-x86_64 0.1.0 64.00 NOTE
r-oldrel-windows-x86_64 0.1.0 5.00 56.00 61.00 NOTE

Check Details

Version: 0.1.0
Check: LazyData
Result: NOTE 'LazyData' is specified without a 'data' directory Flavors: r-oldrel-macos-arm64, r-oldrel-macos-x86_64, r-oldrel-windows-x86_64