Last updated on 2024-04-26 01:53:02 CEST.
Flavor | Version | Tinstall | Tcheck | Ttotal | Status | Flags |
---|---|---|---|---|---|---|
r-devel-linux-x86_64-debian-clang | 0.6.0 | 3.26 | 28.25 | 31.51 | NOTE | |
r-devel-linux-x86_64-debian-gcc | 0.6.0 | 2.27 | 21.89 | 24.16 | NOTE | |
r-devel-linux-x86_64-fedora-clang | 0.6.0 | 40.45 | NOTE | |||
r-devel-linux-x86_64-fedora-gcc | 0.6.0 | 38.24 | NOTE | |||
r-devel-windows-x86_64 | 0.6.0 | 4.00 | 44.00 | 48.00 | NOTE | |
r-patched-linux-x86_64 | 0.6.0 | 3.05 | 27.89 | 30.94 | NOTE | |
r-release-linux-x86_64 | 0.6.0 | 3.25 | 27.96 | 31.21 | NOTE | |
r-release-macos-arm64 | 0.6.0 | 20.00 | NOTE | |||
r-release-windows-x86_64 | 0.6.0 | 4.00 | 44.00 | 48.00 | NOTE | |
r-oldrel-macos-arm64 | 0.6.0 | 20.00 | NOTE | |||
r-oldrel-macos-x86_64 | 0.6.0 | 24.00 | NOTE | |||
r-oldrel-windows-x86_64 | 0.6.0 | 4.00 | 44.00 | 48.00 | NOTE |
Version: 0.6.0
Check: LazyData
Result: NOTE
'LazyData' is specified without a 'data' directory
Flavors: r-devel-linux-x86_64-debian-clang, r-devel-linux-x86_64-debian-gcc, r-devel-linux-x86_64-fedora-clang, r-devel-linux-x86_64-fedora-gcc, r-devel-windows-x86_64, r-patched-linux-x86_64, r-release-linux-x86_64, r-release-macos-arm64, r-release-windows-x86_64, r-oldrel-macos-arm64, r-oldrel-macos-x86_64, r-oldrel-windows-x86_64