Last updated on 2025-10-31 01:48:53 CET.
| Flavor | Version | Tinstall | Tcheck | Ttotal | Status | Flags | 
|---|---|---|---|---|---|---|
| r-devel-linux-x86_64-debian-clang | 0.2.1 | 20.29 | 67.23 | 87.52 | NOTE | |
| r-devel-linux-x86_64-debian-gcc | 0.2.1 | 14.10 | 48.05 | 62.15 | NOTE | |
| r-devel-linux-x86_64-fedora-clang | 0.2.1 | 47.00 | 103.00 | 150.00 | NOTE | |
| r-devel-linux-x86_64-fedora-gcc | 0.2.1 | 42.00 | 96.56 | 138.56 | NOTE | |
| r-devel-windows-x86_64 | 0.2.1 | 26.00 | 90.00 | 116.00 | NOTE | |
| r-patched-linux-x86_64 | 0.2.1 | 19.85 | 61.77 | 81.62 | NOTE | |
| r-release-linux-x86_64 | 0.2.1 | 21.22 | 61.97 | 83.19 | NOTE | |
| r-release-macos-arm64 | 0.2.1 | 10.00 | 31.00 | 41.00 | NOTE | |
| r-release-macos-x86_64 | 0.2.1 | 27.00 | 106.00 | 133.00 | NOTE | |
| r-release-windows-x86_64 | 0.2.1 | 27.00 | 95.00 | 122.00 | NOTE | |
| r-oldrel-macos-arm64 | 0.2.1 | 10.00 | 28.00 | 38.00 | NOTE | |
| r-oldrel-macos-x86_64 | 0.2.1 | 11.00 | 38.00 | 49.00 | NOTE | |
| r-oldrel-windows-x86_64 | 0.2.1 | 33.00 | 114.00 | 147.00 | NOTE | 
Version: 0.2.1
Check: CRAN incoming feasibility
Result: NOTE
  Maintainer: ‘Marius Puke <marius.puke@uni-hohenheim.de>’
  
  Package CITATION file contains call(s) to old-style citEntry().  Please
  use bibentry() instead.
  
  The Description field contains
    <arXiv:2203.04065>.
  Please refer to arXiv e-prints via their arXiv DOI <doi:10.48550/arXiv.YYMM.NNNNN>.
Flavors: r-devel-linux-x86_64-debian-clang, r-devel-linux-x86_64-debian-gcc
Version: 0.2.1
Check: Rd files
Result: NOTE
  checkRd: (-1) calibration_bands.Rd:19: Lost braces; missing escapes or markup?
      19 | \item{y}{response variable (in {0,1}).}
         |                                ^
Flavors: r-devel-linux-x86_64-debian-clang, r-devel-linux-x86_64-debian-gcc, r-devel-linux-x86_64-fedora-clang, r-devel-linux-x86_64-fedora-gcc, r-devel-windows-x86_64, r-patched-linux-x86_64, r-release-linux-x86_64, r-release-macos-arm64, r-release-macos-x86_64, r-release-windows-x86_64, r-oldrel-macos-arm64, r-oldrel-macos-x86_64, r-oldrel-windows-x86_64