Last updated on 2024-08-16 01:48:14 CEST.
Flavor | Version | Tinstall | Tcheck | Ttotal | Status | Flags |
---|---|---|---|---|---|---|
r-devel-linux-x86_64-debian-clang | 0.5.0 | 11.77 | 308.44 | 320.21 | OK | |
r-devel-linux-x86_64-debian-gcc | 0.5.0 | 9.53 | 188.86 | 198.39 | OK | |
r-devel-linux-x86_64-fedora-clang | 0.5.0 | 517.18 | NOTE | |||
r-devel-linux-x86_64-fedora-gcc | 0.5.0 | 525.78 | NOTE | |||
r-devel-windows-x86_64 | 0.5.0 | 15.00 | 299.00 | 314.00 | OK | |
r-patched-linux-x86_64 | 0.5.0 | 13.36 | 299.82 | 313.18 | OK | |
r-release-linux-x86_64 | 0.5.0 | 11.46 | 297.52 | 308.98 | OK | |
r-release-macos-arm64 | 0.5.0 | 137.00 | OK | |||
r-release-macos-x86_64 | 0.5.0 | 198.00 | OK | |||
r-release-windows-x86_64 | 0.5.0 | 14.00 | 291.00 | 305.00 | OK | |
r-oldrel-macos-arm64 | 0.5.0 | 196.00 | OK | |||
r-oldrel-macos-x86_64 | 0.5.0 | 305.00 | OK | |||
r-oldrel-windows-x86_64 | 0.5.0 | 19.00 | 386.00 | 405.00 | OK |
Version: 0.5.0
Check: data for non-ASCII characters
Result: NOTE
Note: found 58 marked UTF-8 strings
Flavors: r-devel-linux-x86_64-fedora-clang, r-devel-linux-x86_64-fedora-gcc