Last updated on 2022-06-28 01:51:28 CEST.
Flavor | Version | Tinstall | Tcheck | Ttotal | Status | Flags |
---|---|---|---|---|---|---|
r-devel-linux-x86_64-debian-clang | 2.2.0 | 55.05 | 460.67 | 515.72 | OK | |
r-devel-linux-x86_64-debian-gcc | 2.2.0 | 42.95 | 333.85 | 376.80 | OK | |
r-devel-linux-x86_64-fedora-clang | 2.2.0 | 600.18 | NOTE | |||
r-devel-linux-x86_64-fedora-gcc | 2.2.0 | 606.82 | OK | |||
r-devel-windows-x86_64 | 2.2.0 | 1386.00 | 436.00 | 1822.00 | NOTE | |
r-patched-linux-x86_64 | 2.2.0 | 48.79 | 436.76 | 485.55 | OK | |
r-release-linux-x86_64 | 2.2.0 | 46.68 | 439.74 | 486.42 | OK | |
r-release-macos-arm64 | 2.2.0 | 125.00 | NOTE | |||
r-release-macos-x86_64 | 2.2.0 | 181.00 | NOTE | |||
r-release-windows-x86_64 | 2.2.0 | 1317.00 | 389.00 | 1706.00 | NOTE | |
r-oldrel-macos-arm64 | 2.2.0 | 116.00 | NOTE | |||
r-oldrel-macos-x86_64 | 2.2.0 | 175.00 | NOTE | |||
r-oldrel-windows-ix86+x86_64 | 2.2.0 | 105.00 | 449.00 | 554.00 | NOTE |
Version: 2.2.0
Check: installed package size
Result: NOTE
installed size is 7.3Mb
sub-directories of 1Mb or more:
doc 2.2Mb
pictures 4.2Mb
Flavors: r-devel-linux-x86_64-fedora-clang, r-devel-windows-x86_64, r-release-macos-arm64, r-release-macos-x86_64, r-release-windows-x86_64, r-oldrel-macos-arm64, r-oldrel-macos-x86_64, r-oldrel-windows-ix86+x86_64
Version: 2.2.0
Check: Rd cross-references
Result: NOTE
Undeclared package ‘plotrix’ in Rd xrefs
Flavor: r-devel-linux-x86_64-fedora-clang