Last updated on 2024-04-24 01:52:05 CEST.
Flavor | Version | Tinstall | Tcheck | Ttotal | Status | Flags |
---|---|---|---|---|---|---|
r-devel-linux-x86_64-debian-clang | 2.3.0 | 66.01 | 569.75 | 635.76 | OK | |
r-devel-linux-x86_64-debian-gcc | 2.3.0 | 52.04 | 393.39 | 445.43 | OK | |
r-devel-linux-x86_64-fedora-clang | 2.3.0 | 785.51 | NOTE | |||
r-devel-linux-x86_64-fedora-gcc | 2.3.0 | 720.71 | OK | |||
r-prerel-macos-arm64 | 2.3.0 | 147.00 | NOTE | |||
r-prerel-macos-x86_64 | 2.3.0 | 462.00 | NOTE | |||
r-prerel-windows-x86_64 | 2.3.0 | 46.00 | 312.00 | 358.00 | NOTE | |
r-patched-linux-x86_64 | 2.3.0 | 65.81 | 521.79 | 587.60 | OK | |
r-release-linux-x86_64 | 2.3.0 | 52.16 | 525.08 | 577.24 | OK | |
r-release-macos-arm64 | 2.3.0 | 157.00 | NOTE | |||
r-release-macos-x86_64 | 2.3.0 | 348.00 | NOTE | |||
r-release-windows-x86_64 | 2.3.0 | 62.00 | 422.00 | 484.00 | NOTE | |
r-oldrel-macos-arm64 | 2.3.0 | 143.00 | NOTE | |||
r-oldrel-windows-x86_64 | 2.3.0 | 65.00 | 393.00 | 458.00 | NOTE |
Version: 2.3.0
Check: package dependencies
Result: NOTE
Package suggested but not available for checking: ‘tesseract’
Flavor: r-devel-linux-x86_64-fedora-clang
Version: 2.3.0
Check: installed package size
Result: NOTE
installed size is 7.4Mb
sub-directories of 1Mb or more:
doc 2.2Mb
pictures 4.2Mb
Flavors: r-devel-linux-x86_64-fedora-clang, r-prerel-macos-arm64, r-prerel-macos-x86_64, r-prerel-windows-x86_64, r-release-macos-arm64, r-release-macos-x86_64, r-release-windows-x86_64, r-oldrel-macos-arm64, r-oldrel-windows-x86_64
Version: 2.3.0
Check: Rd cross-references
Result: NOTE
Undeclared package ‘plotrix’ in Rd xrefs
Flavor: r-devel-linux-x86_64-fedora-clang