Last updated on 2024-04-18 01:55:07 CEST.
Flavor | Version | Tinstall | Tcheck | Ttotal | Status | Flags |
---|---|---|---|---|---|---|
r-devel-linux-x86_64-debian-clang | 0.5.7 | 8.45 | 88.76 | 97.21 | OK | |
r-devel-linux-x86_64-debian-gcc | 0.5.7 | 5.63 | 66.57 | 72.20 | OK | |
r-devel-linux-x86_64-fedora-clang | 0.5.7 | 120.62 | NOTE | |||
r-devel-linux-x86_64-fedora-gcc | 0.5.7 | 127.41 | NOTE | |||
r-prerel-macos-arm64 | 0.5.7 | 62.00 | OK | |||
r-prerel-macos-x86_64 | 0.5.7 | 133.00 | OK | |||
r-prerel-windows-x86_64 | 0.5.7 | 9.00 | 104.00 | 113.00 | OK | |
r-patched-linux-x86_64 | 0.5.7 | 6.34 | 83.48 | 89.82 | OK | |
r-release-linux-x86_64 | 0.5.7 | 5.25 | 83.29 | 88.54 | OK | |
r-release-macos-arm64 | 0.5.7 | 61.00 | OK | |||
r-release-macos-x86_64 | 0.5.7 | 137.00 | OK | |||
r-release-windows-x86_64 | 0.5.7 | 10.00 | 115.00 | 125.00 | OK | |
r-oldrel-macos-arm64 | 0.5.7 | 61.00 | OK | |||
r-oldrel-windows-x86_64 | 0.5.7 | 10.00 | 108.00 | 118.00 | OK |
Version: 0.5.7
Check: data for non-ASCII characters
Result: NOTE
Note: found 23 marked UTF-8 strings
Flavors: r-devel-linux-x86_64-fedora-clang, r-devel-linux-x86_64-fedora-gcc