Last updated on 2024-03-28 01:53:52 CET.
Flavor | Version | Tinstall | Tcheck | Ttotal | Status | Flags |
---|---|---|---|---|---|---|
r-devel-linux-x86_64-debian-clang | 0.8-6 | 7.31 | 81.72 | 89.03 | OK | |
r-devel-linux-x86_64-debian-gcc | 0.8-6 | 7.43 | 63.00 | 70.43 | OK | |
r-devel-linux-x86_64-fedora-clang | 0.8-6 | 112.18 | NOTE | |||
r-devel-linux-x86_64-fedora-gcc | 0.8-6 | 120.67 | OK | |||
r-devel-windows-x86_64 | 0.8-6 | 9.00 | 87.00 | 96.00 | OK | |
r-patched-linux-x86_64 | 0.8-6 | 9.23 | 79.89 | 89.12 | OK | |
r-release-linux-x86_64 | 0.8-6 | 9.03 | 78.65 | 87.68 | OK | |
r-release-macos-arm64 | 0.8-6 | 43.00 | OK | |||
r-release-macos-x86_64 | 0.8-6 | 58.00 | OK | |||
r-release-windows-x86_64 | 0.8-6 | 12.00 | 96.00 | 108.00 | OK | |
r-oldrel-macos-arm64 | 0.8-6 | 25.00 | OK | |||
r-oldrel-windows-x86_64 | 0.8-6 | 12.00 | 100.00 | 112.00 | OK |
Version: 0.8-6
Check: Rd cross-references
Result: NOTE
Undeclared packages ‘yacca’, ‘CCA’ in Rd xrefs
Flavor: r-devel-linux-x86_64-fedora-clang