Last updated on 2025-10-23 02:49:49 CEST.
Flavor | Version | Tinstall | Tcheck | Ttotal | Status | Flags |
---|---|---|---|---|---|---|
r-devel-linux-x86_64-debian-clang | 1.1.0 | 25.14 | 257.03 | 282.17 | NOTE | |
r-devel-linux-x86_64-debian-gcc | 1.1.0 | 17.53 | 176.38 | 193.91 | OK | |
r-devel-linux-x86_64-fedora-clang | 1.1.0 | 65.00 | 400.79 | 465.79 | OK | |
r-devel-linux-x86_64-fedora-gcc | 1.1.0 | 65.00 | 403.32 | 468.32 | OK | |
r-devel-windows-x86_64 | 1.1.0 | 33.00 | 401.00 | 434.00 | OK | |
r-patched-linux-x86_64 | 1.1.0 | 27.91 | 269.47 | 297.38 | OK | |
r-release-linux-x86_64 | 1.1.0 | 26.85 | 273.30 | 300.15 | OK | |
r-release-macos-arm64 | 1.1.0 | 11.00 | 177.00 | 188.00 | OK | |
r-release-macos-x86_64 | 1.1.0 | 17.00 | 336.00 | 353.00 | OK | |
r-release-windows-x86_64 | 1.1.0 | 32.00 | 403.00 | 435.00 | OK | |
r-oldrel-macos-arm64 | 1.1.0 | 9.00 | 167.00 | 176.00 | OK | |
r-oldrel-macos-x86_64 | 1.1.0 | 18.00 | 342.00 | 360.00 | OK | |
r-oldrel-windows-x86_64 | 1.1.0 | 40.00 | 446.00 | 486.00 | OK |
Version: 1.1.0
Check: HTML version of manual
Result: NOTE
Found the following HTML validation problems:
pp_uniform_phase.html:74:1 (pp_uniform_phase.Rd:17): Warning: missing </ul> before </div>
Flavor: r-devel-linux-x86_64-debian-clang