Last updated on 2025-11-12 02:52:52 CET.
| Flavor | Version | Tinstall | Tcheck | Ttotal | Status | Flags |
|---|---|---|---|---|---|---|
| r-devel-linux-x86_64-debian-clang | 0.2.6 | 7.53 | 84.35 | 91.88 | OK | |
| r-devel-linux-x86_64-debian-gcc | 0.2.6 | 5.10 | 59.12 | 64.22 | OK | |
| r-devel-linux-x86_64-fedora-clang | 0.2.6 | 19.00 | 117.12 | 136.12 | NOTE | |
| r-devel-linux-x86_64-fedora-gcc | 0.2.6 | 17.00 | 125.82 | 142.82 | NOTE | |
| r-devel-windows-x86_64 | 0.2.6 | 11.00 | 106.00 | 117.00 | OK | |
| r-patched-linux-x86_64 | 0.2.6 | 8.68 | 75.79 | 84.47 | OK | |
| r-release-linux-x86_64 | 0.2.6 | 7.74 | 75.96 | 83.70 | OK | |
| r-release-macos-arm64 | 0.2.6 | 4.00 | 54.00 | 58.00 | OK | |
| r-release-macos-x86_64 | 0.2.6 | 8.00 | 102.00 | 110.00 | OK | |
| r-release-windows-x86_64 | 0.2.6 | 12.00 | 102.00 | 114.00 | OK | |
| r-oldrel-macos-arm64 | 0.2.6 | 4.00 | 56.00 | 60.00 | OK | |
| r-oldrel-macos-x86_64 | 0.2.6 | 6.00 | 100.00 | 106.00 | OK | |
| r-oldrel-windows-x86_64 | 0.2.6 | 14.00 | 125.00 | 139.00 | OK |
Version: 0.2.6
Check: dependencies in R code
Result: NOTE
Namespace in Imports field not imported from: ‘utils’
All declared Imports should be used.
Flavors: r-devel-linux-x86_64-fedora-clang, r-devel-linux-x86_64-fedora-gcc