Last updated on 2024-08-16 01:48:14 CEST.
Flavor | Version | Tinstall | Tcheck | Ttotal | Status | Flags |
---|---|---|---|---|---|---|
r-devel-linux-x86_64-debian-clang | 1.1.0 | 3.47 | 24.06 | 27.53 | OK | |
r-devel-linux-x86_64-debian-gcc | 1.1.0 | 2.41 | 18.91 | 21.32 | OK | |
r-devel-linux-x86_64-fedora-clang | 1.1.0 | 43.06 | NOTE | |||
r-devel-linux-x86_64-fedora-gcc | 1.1.0 | 40.25 | NOTE | |||
r-devel-windows-x86_64 | 1.1.0 | 6.00 | 44.00 | 50.00 | NOTE | |
r-patched-linux-x86_64 | 1.1.0 | 3.73 | 22.98 | 26.71 | OK | |
r-release-linux-x86_64 | 1.1.0 | 3.35 | 23.01 | 26.36 | OK | |
r-release-macos-arm64 | 1.1.0 | 17.00 | NOTE | |||
r-release-macos-x86_64 | 1.1.0 | 23.00 | NOTE | |||
r-release-windows-x86_64 | 1.1.0 | 6.00 | 44.00 | 50.00 | NOTE | |
r-oldrel-macos-arm64 | 1.1.0 | 18.00 | NOTE | |||
r-oldrel-macos-x86_64 | 1.1.0 | 37.00 | NOTE | |||
r-oldrel-windows-x86_64 | 1.1.0 | 7.00 | 48.00 | 55.00 | NOTE |
Version: 1.1.0
Check: installed package size
Result: NOTE
installed size is 12.4Mb
sub-directories of 1Mb or more:
www 12.3Mb
Flavors: r-devel-linux-x86_64-fedora-clang, r-devel-windows-x86_64, r-release-macos-arm64, r-release-macos-x86_64, r-release-windows-x86_64, r-oldrel-macos-arm64, r-oldrel-macos-x86_64, r-oldrel-windows-x86_64
Version: 1.1.0
Check: dependencies in R code
Result: NOTE
Namespace in Imports field not imported from: ‘shiny’
All declared Imports should be used.
Flavors: r-devel-linux-x86_64-fedora-clang, r-devel-linux-x86_64-fedora-gcc