CRAN Package Check Results for Package casen

Last updated on 2022-01-27 08:49:07 CET.

Flavor Version Tinstall Tcheck Ttotal Status Flags
r-devel-linux-x86_64-debian-clang 0.1.4 10.30 135.63 145.93 OK
r-devel-linux-x86_64-debian-gcc 0.1.4 9.70 102.86 112.56 OK
r-devel-linux-x86_64-fedora-clang 0.1.4 171.96 NOTE
r-devel-linux-x86_64-fedora-gcc 0.1.4 164.18 NOTE
r-devel-windows-x86_64-new-UL 0.1.4 41.00 152.00 193.00 OK
r-devel-windows-x86_64-new-TK 0.1.4 NOTE
r-patched-linux-x86_64 0.1.4 10.95 120.72 131.67 OK
r-release-linux-x86_64 0.1.4 6.84 121.33 128.17 OK
r-release-macos-arm64 0.1.4 NOTE
r-release-macos-x86_64 0.1.4 NOTE
r-release-windows-ix86+x86_64 0.1.4 23.00 143.00 166.00 OK
r-oldrel-macos-x86_64 0.1.4 NOTE
r-oldrel-windows-ix86+x86_64 0.1.4 24.00 155.00 179.00 OK

Check Details

Version: 0.1.4
Check: dependencies in R code
Result: NOTE
    Namespaces in Imports field not imported from:
     ‘janitor’ ‘tibble’
     All declared Imports should be used.
Flavors: r-devel-linux-x86_64-fedora-clang, r-devel-linux-x86_64-fedora-gcc, r-devel-windows-x86_64-new-TK, r-release-macos-arm64, r-release-macos-x86_64, r-oldrel-macos-x86_64

Version: 0.1.4
Check: data for non-ASCII characters
Result: NOTE
     Note: found 75 marked UTF-8 strings
Flavors: r-devel-linux-x86_64-fedora-clang, r-devel-linux-x86_64-fedora-gcc, r-devel-windows-x86_64-new-TK, r-release-macos-arm64, r-release-macos-x86_64, r-oldrel-macos-x86_64