Last updated on 2025-04-30 02:50:34 CEST.
Flavor | Version | Tinstall | Tcheck | Ttotal | Status | Flags |
---|---|---|---|---|---|---|
r-devel-linux-x86_64-debian-clang | 1.0.2 | 9.28 | 85.45 | 94.73 | NOTE | |
r-devel-linux-x86_64-debian-gcc | 1.0.2 | 6.22 | 57.24 | 63.46 | OK | |
r-devel-linux-x86_64-fedora-clang | 1.0.2 | 147.96 | OK | |||
r-devel-linux-x86_64-fedora-gcc | 1.0.2 | 135.53 | OK | |||
r-devel-windows-x86_64 | 1.0.2 | 10.00 | 84.00 | 94.00 | OK | |
r-patched-linux-x86_64 | 1.0.2 | 8.24 | 80.44 | 88.68 | OK | |
r-release-linux-x86_64 | 1.0.2 | 9.29 | 79.35 | 88.64 | OK | |
r-release-macos-arm64 | 1.0.2 | 40.00 | OK | |||
r-release-macos-x86_64 | 1.0.2 | 93.00 | OK | |||
r-release-windows-x86_64 | 1.0.2 | 12.00 | 86.00 | 98.00 | OK | |
r-oldrel-macos-arm64 | 1.0.2 | 42.00 | OK | |||
r-oldrel-macos-x86_64 | 1.0.2 | 96.00 | OK | |||
r-oldrel-windows-x86_64 | 1.0.2 | 12.00 | 110.00 | 122.00 | OK |
Version: 1.0.2
Check: examples
Result: NOTE
Examples with CPU (user + system) or elapsed time > 5s
user system elapsed
capture_diversity.VCF 4.394 0.038 6.15
Flavor: r-devel-linux-x86_64-debian-clang