Last updated on 2023-06-06 01:53:57 CEST.
Flavor | Version | Tinstall | Tcheck | Ttotal | Status | Flags |
---|---|---|---|---|---|---|
r-devel-linux-x86_64-debian-clang | 1.5.0 | 235.23 | 152.69 | 387.92 | NOTE | |
r-devel-linux-x86_64-debian-gcc | 1.5.0 | 169.24 | 114.64 | 283.88 | NOTE | |
r-devel-linux-x86_64-fedora-clang | 1.5.0 | 575.44 | NOTE | |||
r-devel-linux-x86_64-fedora-gcc | 1.5.0 | 526.92 | NOTE | |||
r-devel-windows-x86_64 | 1.5.0 | 187.00 | 152.00 | 339.00 | NOTE | |
r-patched-linux-x86_64 | 1.5.0 | 182.80 | 146.04 | 328.84 | NOTE | |
r-release-linux-x86_64 | 1.5.0 | 182.69 | 146.95 | 329.64 | NOTE | |
r-release-macos-arm64 | 1.5.0 | 129.00 | NOTE | |||
r-release-macos-x86_64 | 1.5.0 | 193.00 | NOTE | |||
r-release-windows-x86_64 | 1.5.0 | 227.00 | 190.00 | 417.00 | NOTE | |
r-oldrel-macos-arm64 | 1.5.0 | 111.00 | NOTE | |||
r-oldrel-macos-x86_64 | 1.5.0 | 158.00 | NOTE | |||
r-oldrel-windows-x86_64 | 1.5.0 | 218.00 | 167.00 | 385.00 | NOTE |
Version: 1.5.0
Check: C++ specification
Result: NOTE
Specified C++11: please drop specification unless essential
Flavors: r-devel-linux-x86_64-debian-clang, r-devel-linux-x86_64-debian-gcc, r-devel-linux-x86_64-fedora-clang, r-devel-linux-x86_64-fedora-gcc, r-devel-windows-x86_64, r-patched-linux-x86_64, r-release-linux-x86_64, r-release-macos-arm64, r-release-macos-x86_64, r-release-windows-x86_64
Version: 1.5.0
Check: for GNU extensions in Makefiles
Result: NOTE
GNU make is a SystemRequirements.
Flavors: r-devel-linux-x86_64-debian-clang, r-devel-linux-x86_64-debian-gcc, r-devel-linux-x86_64-fedora-clang, r-devel-linux-x86_64-fedora-gcc, r-devel-windows-x86_64, r-patched-linux-x86_64, r-release-linux-x86_64, r-release-macos-arm64, r-release-macos-x86_64, r-release-windows-x86_64, r-oldrel-macos-arm64, r-oldrel-macos-x86_64, r-oldrel-windows-x86_64
Version: 1.5.0
Check: installed package size
Result: NOTE
installed size is 7.7Mb
sub-directories of 1Mb or more:
libs 6.8Mb
Flavors: r-release-macos-arm64, r-release-macos-x86_64, r-oldrel-macos-arm64, r-oldrel-macos-x86_64