CRAN Package Check Results for Package catdata

Last updated on 2022-07-03 01:48:50 CEST.

Flavor Version Tinstall Tcheck Ttotal Status Flags
r-devel-linux-x86_64-debian-clang 1.2.2 3.55 415.17 418.72 NOTE
r-devel-linux-x86_64-debian-gcc 1.2.2 2.47 301.78 304.25 NOTE
r-devel-linux-x86_64-fedora-clang 1.2.2 554.82 NOTE
r-devel-linux-x86_64-fedora-gcc 1.2.2 531.55 NOTE
r-devel-windows-x86_64 1.2.2 59.00 991.00 1050.00 NOTE
r-patched-linux-x86_64 1.2.2 3.92 378.43 382.35 NOTE
r-release-linux-x86_64 1.2.2 3.33 386.20 389.53 NOTE
r-release-macos-arm64 1.2.2 255.00 NOTE
r-release-macos-x86_64 1.2.2 601.00 NOTE
r-release-windows-x86_64 1.2.2 62.00 1025.00 1087.00 NOTE
r-oldrel-macos-arm64 1.2.2 252.00 NOTE
r-oldrel-macos-x86_64 1.2.2 716.00 NOTE
r-oldrel-windows-ix86+x86_64 1.2.2 11.00 442.00 453.00 OK

Check Details

Version: 1.2.2
Check: package dependencies
Result: NOTE
    Package suggested but not available for checking: 'GAMBoost'
Flavors: r-devel-linux-x86_64-debian-clang, r-devel-linux-x86_64-debian-gcc, r-devel-linux-x86_64-fedora-clang, r-devel-linux-x86_64-fedora-gcc, r-devel-windows-x86_64, r-patched-linux-x86_64, r-release-linux-x86_64, r-release-macos-arm64, r-release-macos-x86_64, r-release-windows-x86_64, r-oldrel-macos-arm64, r-oldrel-macos-x86_64