CRAN Package Check Results for Package catmap

Last updated on 2020-03-30 19:49:17 CEST.

Flavor Version Tinstall Tcheck Ttotal Status Flags
r-devel-linux-x86_64-debian-clang 1.6.4 3.19 30.73 33.92 NOTE
r-devel-linux-x86_64-debian-gcc 1.6.4 2.33 24.07 26.40 NOTE
r-devel-linux-x86_64-fedora-clang 1.6.4 40.75 NOTE
r-devel-linux-x86_64-fedora-gcc 1.6.4 39.57 NOTE
r-devel-windows-ix86+x86_64 1.6.4 6.00 41.00 47.00 OK
r-devel-windows-ix86+x86_64-gcc8 1.6.4 6.00 44.00 50.00 OK
r-patched-linux-x86_64 1.6.4 2.27 30.16 32.43 NOTE
r-patched-solaris-x86 1.6.4 63.10 NOTE
r-release-linux-x86_64 1.6.4 1.83 27.94 29.77 OK
r-release-windows-ix86+x86_64 1.6.4 7.00 56.00 63.00 OK
r-release-osx-x86_64 1.6.4 OK
r-oldrel-windows-ix86+x86_64 1.6.4 4.00 55.00 59.00 OK
r-oldrel-osx-x86_64 1.6.4 OK

Check Details

Version: 1.6.4
Check: for non-standard things in the check directory
Result: NOTE
    Found the following files/directories:
     'catmapdata.fixed.effects.plot.pdf' 'catmapdata.funnel.plot.pdf'
     'catmapdata.output.txt' 'catmapdata.random.effects.plot.pdf'
Flavors: r-devel-linux-x86_64-debian-clang, r-devel-linux-x86_64-debian-gcc, r-devel-linux-x86_64-fedora-clang, r-devel-linux-x86_64-fedora-gcc, r-patched-linux-x86_64, r-patched-solaris-x86