Last updated on 2022-08-19 01:49:57 CEST.
Flavor | Version | Tinstall | Tcheck | Ttotal | Status | Flags |
---|---|---|---|---|---|---|
r-devel-linux-x86_64-debian-clang | 1.6.4 | 2.57 | 34.76 | 37.33 | NOTE | |
r-devel-linux-x86_64-debian-gcc | 1.6.4 | 2.47 | 26.65 | 29.12 | NOTE | |
r-devel-linux-x86_64-fedora-clang | 1.6.4 | 57.58 | NOTE | |||
r-devel-linux-x86_64-fedora-gcc | 1.6.4 | 57.28 | NOTE | |||
r-devel-windows-x86_64 | 1.6.4 | 8.00 | 61.00 | 69.00 | OK | |
r-patched-linux-x86_64 | 1.6.4 | 2.11 | 33.02 | 35.13 | NOTE | |
r-release-linux-x86_64 | 1.6.4 | NOTE | ||||
r-release-macos-arm64 | 1.6.4 | 19.00 | OK | |||
r-release-macos-x86_64 | 1.6.4 | 25.00 | OK | |||
r-release-windows-x86_64 | 1.6.4 | 7.00 | 60.00 | 67.00 | OK | |
r-oldrel-macos-arm64 | 1.6.4 | 22.00 | OK | |||
r-oldrel-macos-x86_64 | 1.6.4 | 33.00 | OK | |||
r-oldrel-windows-ix86+x86_64 | 1.6.4 | 6.00 | 59.00 | 65.00 | OK |
Version: 1.6.4
Check: for non-standard things in the check directory
Result: NOTE
Found the following files/directories:
'catmapdata.fixed.effects.plot.pdf' 'catmapdata.funnel.plot.pdf'
'catmapdata.output.txt' 'catmapdata.random.effects.plot.pdf'
Flavors: r-devel-linux-x86_64-debian-clang, r-devel-linux-x86_64-debian-gcc, r-devel-linux-x86_64-fedora-clang, r-devel-linux-x86_64-fedora-gcc, r-patched-linux-x86_64, r-release-linux-x86_64