CRAN Package Check Results for Package catseyes

Last updated on 2025-05-25 02:50:02 CEST.

Flavor Version Tinstall Tcheck Ttotal Status Flags
r-devel-linux-x86_64-debian-clang 0.2.5 1.78 17.68 19.46 OK
r-devel-linux-x86_64-debian-gcc 0.2.5 1.52 14.50 16.02 OK
r-devel-linux-x86_64-fedora-clang 0.2.5 30.67 OK
r-devel-linux-x86_64-fedora-gcc 0.2.5 31.20 OK
r-devel-windows-x86_64 0.2.5 3.00 41.00 44.00 OK
r-patched-linux-x86_64 0.2.5 1.79 17.31 19.10 OK
r-release-linux-x86_64 0.2.5 1.73 17.39 19.12 OK
r-release-macos-arm64 0.2.5 16.00 OK
r-release-macos-x86_64 0.2.5 24.00 OK
r-release-windows-x86_64 0.2.5 2.00 40.00 42.00 OK
r-oldrel-macos-arm64 0.2.5 20.00 NOTE
r-oldrel-macos-x86_64 0.2.5 27.00 NOTE
r-oldrel-windows-x86_64 0.2.5 3.00 41.00 44.00 NOTE

Check Details

Version: 0.2.5
Check: LazyData
Result: NOTE 'LazyData' is specified without a 'data' directory Flavors: r-oldrel-macos-arm64, r-oldrel-macos-x86_64, r-oldrel-windows-x86_64