Last updated on 2024-04-19 01:58:37 CEST.
Flavor | Version | Tinstall | Tcheck | Ttotal | Status | Flags |
---|---|---|---|---|---|---|
r-devel-linux-x86_64-debian-clang | 0.2.3 | 50.98 | 191.63 | 242.61 | OK | |
r-devel-linux-x86_64-debian-gcc | 0.2.3 | 45.05 | 134.95 | 180.00 | OK | |
r-devel-linux-x86_64-fedora-clang | 0.2.3 | 316.97 | OK | |||
r-devel-linux-x86_64-fedora-gcc | 0.2.3 | 320.86 | OK | |||
r-prerel-macos-arm64 | 0.2.3 | 84.00 | NOTE | |||
r-prerel-windows-x86_64 | 0.2.3 | 46.00 | 170.00 | 216.00 | OK | |
r-patched-linux-x86_64 | 0.2.3 | 53.75 | 178.36 | 232.11 | OK | |
r-release-linux-x86_64 | 0.2.3 | 49.83 | 184.48 | 234.31 | OK | |
r-release-macos-arm64 | 0.2.3 | 102.00 | NOTE | |||
r-release-macos-x86_64 | 0.2.3 | 161.00 | NOTE | |||
r-release-windows-x86_64 | 0.2.3 | 57.00 | 214.00 | 271.00 | OK | |
r-oldrel-macos-arm64 | 0.2.3 | 85.00 | NOTE | |||
r-oldrel-windows-x86_64 | 0.2.3 | 53.00 | 216.00 | 269.00 | OK |
Version: 0.2.3
Check: installed package size
Result: NOTE
installed size is 6.6Mb
sub-directories of 1Mb or more:
libs 6.3Mb
Flavors: r-prerel-macos-arm64, r-release-macos-arm64, r-release-macos-x86_64, r-oldrel-macos-arm64