CRAN Package Check Results for Package cattonum

Last updated on 2022-01-18 01:51:54 CET.

Flavor Version Tinstall Tcheck Ttotal Status Flags
r-devel-linux-x86_64-debian-clang 0.0.5 17.77 223.64 241.41 NOTE
r-devel-linux-x86_64-debian-gcc 0.0.5 13.22 170.78 184.00 NOTE
r-devel-linux-x86_64-fedora-clang 0.0.5 327.19 NOTE
r-devel-linux-x86_64-fedora-gcc 0.0.5 269.65 NOTE
r-devel-windows-x86_64-new-UL 0.0.5 66.00 182.00 248.00 NOTE
r-devel-windows-x86_64-new-TK 0.0.5 NOTE
r-patched-linux-x86_64 0.0.5 14.91 201.49 216.40 NOTE
r-release-linux-x86_64 0.0.5 NOTE
r-release-macos-arm64 0.0.5 NOTE
r-release-macos-x86_64 0.0.5 NOTE
r-release-windows-ix86+x86_64 0.0.5 45.00 285.00 330.00 NOTE
r-oldrel-macos-x86_64 0.0.5 OK
r-oldrel-windows-ix86+x86_64 0.0.5 45.00 281.00 326.00 OK

Check Details

Version: 0.0.5
Check: LazyData
Result: NOTE
     'LazyData' is specified without a 'data' directory
Flavors: r-devel-linux-x86_64-debian-clang, r-devel-linux-x86_64-debian-gcc, r-devel-linux-x86_64-fedora-clang, r-devel-linux-x86_64-fedora-gcc, r-devel-windows-x86_64-new-UL, r-devel-windows-x86_64-new-TK, r-patched-linux-x86_64, r-release-linux-x86_64, r-release-macos-arm64, r-release-macos-x86_64, r-release-windows-ix86+x86_64