CRAN Package Check Results for Package causaldrf

Last updated on 2022-07-06 01:50:19 CEST.

Flavor Version Tinstall Tcheck Ttotal Status Flags
r-devel-linux-x86_64-debian-clang 0.3 14.25 113.50 127.75 NOTE
r-devel-linux-x86_64-debian-gcc 0.3 9.32 84.55 93.87 NOTE
r-devel-linux-x86_64-fedora-clang 0.3 150.63 WARN
r-devel-linux-x86_64-fedora-gcc 0.3 152.67 WARN
r-devel-windows-x86_64 0.3 29.00 156.00 185.00 NOTE
r-patched-linux-x86_64 0.3 12.30 111.35 123.65 OK
r-release-linux-x86_64 0.3 11.46 107.81 119.27 OK
r-release-macos-arm64 0.3 49.00 OK
r-release-macos-x86_64 0.3 65.00 OK
r-release-windows-x86_64 0.3 29.00 168.00 197.00 OK
r-oldrel-macos-arm64 0.3 67.00 OK
r-oldrel-macos-x86_64 0.3 73.00 OK
r-oldrel-windows-ix86+x86_64 0.3 23.00 135.00 158.00 OK

Check Details

Version: 0.3
Check: Rd files
Result: NOTE
    checkRd: (-1) nw_est.Rd:110: Escaped LaTeX specials: \&
Flavors: r-devel-linux-x86_64-debian-clang, r-devel-linux-x86_64-debian-gcc, r-devel-linux-x86_64-fedora-clang, r-devel-linux-x86_64-fedora-gcc, r-devel-windows-x86_64

Version: 0.3
Check: re-building of vignette outputs
Result: WARN
    Error(s) in re-building vignettes:
    --- re-building ‘Using_causaldrf.Rnw’ using knitr
    Error: processing vignette 'Using_causaldrf.Rnw' failed with diagnostics:
    Running 'texi2dvi' on 'Using_causaldrf.tex' failed.
    LaTeX errors:
    ! Argument of <c2> has an extra }.
    <inserted text>
     \par
    l.145 \section{Introduction}
    
    ! Paragraph ended before <c2> was complete.
    <to be read again>
     \par
    l.145 \section{Introduction}
    
    ! Argument of <c3> has an extra }.
    <inserted text>
     \par
    l.145 \section{Introduction}
    
    ! Paragraph ended before <c3> was complete.
    <to be read again>
     \par
    l.145 \section{Introduction}
    
    ! Argument of <c4> has an extra }.
    <inserted text>
     \par
    l.145 \section{Introduction}
    
    ! Paragraph ended before <c4> was complete.
    <to be read again>
     \par
    l.145 \section{Introduction}
    
    ! Argument of <c5> has an extra }.
    <inserted text>
     \par
    l.145 \section{Introduction}
    
    ! Paragraph ended before <c5> was complete.
    <to be read again>
     \par
    l.145 \section{Introduction}
    
    ! Argument of <c6> has an extra }.
    <inserted text>
     \par
    l.145 \section{Introduction}
    
    ! Paragraph ended before <c6> was complete.
    <to be read again>
     \par
    l.145 \section{Introduction}
    
    ! Argument of <c7> has an extra }.
    <inserted text>
     \par
    l.145 \section{Introduction}
    
    ! Paragraph ended before <c7> was complete.
    <to be read again>
     \par
    l.145 \section{Introduction}
    
    ! Argument of <c8> has an extra }.
    <inserted text>
     \par
    l.145 \section{Introduction}
    
    ! Paragraph ended before <c8> was complete.
    <to be read again>
     \par
    l.145 \section{Introduction}
    
    ! Argument of <c9> has an extra }.
    <inserted text>
     \par
    l.145 \section{Introduction}
    
    ! Paragraph ended before <c9> was complete.
    <to be read again>
     \par
    l.145 \section{Introduction}
    
    ! Argument of <ca> has an extra }.
    <inserted text>
     \par
    l.145 \section{Introduction}
    
    ! Paragraph ended before <ca> was complete.
    <to be read again>
     \par
    l.145 \section{Introduction}
    
    ! Argument of <cb> has an extra }.
    <inserted text>
     \par
    l.145 \section{Introduction}
    
    ! Paragraph ended before <cb> was complete.
    <to be read again>
     \par
    l.145 \section{Introduction}
    
    ! Argument of <cc> has an extra }.
    <inserted text>
     \par
    l.145 \section{Introduction}
    
    ! Paragraph ended before <cc> was complete.
    <to be read again>
     \par
    l.145 \section{Introduction}
    
    ! Argument of <cd> has an extra }.
    <inserted text>
     \par
    l.145 \section{Introduction}
    
    ! Paragraph ended before <cd> was complete.
    <to be read again>
     \par
    l.145 \section{Introduction}
    
    ! Argument of <ce> has an extra }.
    <inserted text>
     \par
    l.145 \section{Introduction}
    
    ! Paragraph ended before <ce> was complete.
    <to be read again>
     \par
    l.145 \section{Introduction}
    
    ! Argument of <cf> has an extra }.
    <inserted text>
     \par
    l.145 \section{Introduction}
    
    ! Paragraph ended before <cf> was complete.
    <to be read again>
     \par
    l.145 \section{Introduction}
    
    ! Argument of <d0> has an extra }.
    <inserted text>
     \par
    l.145 \section{Introduction}
    
    ! Paragraph ended before <d0> was complete.
    <to be read again>
     \par
    l.145 \section{Introduction}
    
    ! Argument of <d1> has an extra }.
    <inserted text>
     \par
    l.145 \section{Introduction}
    
    ! Paragraph ended before <d1> was complete.
    <to be read again>
     \par
    l.145 \section{Introduction}
    
    ! Argument of <d2> has an extra }.
    <inserted text>
     \par
    l.145 \section{Introduction}
    
    ! Paragraph ended before <d2> was complete.
    <to be read again>
     \par
    l.145 \section{Introduction}
    
    ! Argument of <d3> has an extra }.
    <inserted text>
     \par
    l.145 \section{Introduction}
    
    ! Paragraph ended before <d3> was complete.
    <to be read again>
     \par
    l.145 \section{Introduction}
    
    ! Argument of <d4> has an extra }.
    <inserted text>
     \par
    l.145 \section{Introduction}
    
    ! Paragraph ended before <d4> was complete.
    <to be read again>
     \par
    l.145 \section{Introduction}
    
    ! Argument of <d5> has an extra }.
    <inserted text>
     \par
    l.145 \section{Introduction}
    
    ! Paragraph ended before <d5> was complete.
    <to be read again>
     \par
    l.145 \section{Introduction}
    
    ! Argument of <d6> has an extra }.
    <inserted text>
     \par
    l.145 \section{Introduction}
    
    ! Paragraph ended before <d6> was complete.
    <to be read again>
     \par
    l.145 \section{Introduction}
    
    ! Argument of <d7> has an extra }.
    <inserted text>
     \par
    l.145 \section{Introduction}
    
    ! Paragraph ended before <d7> was complete.
    <to be read again>
     \par
    l.145 \section{Introduction}
    
    ! Argument of <d8> has an extra }.
    <inserted text>
     \par
    l.145 \section{Introduction}
    
    ! Paragraph ended before <d8> was complete.
    <to be read again>
     \par
    l.145 \section{Introduction}
    
    ! Argument of <d9> has an extra }.
    <inserted text>
     \par
    l.145 \section{Introduction}
    
    ! Paragraph ended before <d9> was complete.
    <to be read again>
     \par
    l.145 \section{Introduction}
    
    ! Argument of <da> has an extra }.
    <inserted text>
     \par
    l.145 \section{Introduction}
    
    ! Paragraph ended before <da> was complete.
    <to be read again>
     \par
    l.145 \section{Introduction}
    
    ! Argument of <db> has an extra }.
    <inserted text>
     \par
    l.145 \section{Introduction}
    
    ! Paragraph ended before <db> was complete.
    <to be read again>
     \par
    l.145 \section{Introduction}
    
    ! Argument of <dc> has an extra }.
    <inserted text>
     \par
    l.145 \section{Introduction}
    
    ! Paragraph ended before <dc> was complete.
    <to be read again>
     \par
    l.145 \section{Introduction}
    
    ! Argument of <dd> has an extra }.
    <inserted text>
     \par
    l.145 \section{Introduction}
    
    ! Paragraph ended before <dd> was complete.
    <to be read again>
     \par
    l.145 \section{Introduction}
    
    ! Argument of <de> has an extra }.
    <inserted text>
     \par
    l.145 \section{Introduction}
    
    ! Paragraph ended before <de> was complete.
    <to be read again>
     \par
    l.145 \section{Introduction}
    
    ! Argument of <df> has an extra }
    --- failed re-building ‘Using_causaldrf.Rnw’
    
    SUMMARY: processing the following file failed:
     ‘Using_causaldrf.Rnw’
    
    Error: Vignette re-building failed.
    Execution halted
Flavors: r-devel-linux-x86_64-fedora-clang, r-devel-linux-x86_64-fedora-gcc