Last updated on 2024-04-18 01:55:08 CEST.
Flavor | Version | Tinstall | Tcheck | Ttotal | Status | Flags |
---|---|---|---|---|---|---|
r-devel-linux-x86_64-debian-clang | 0.2.0.3 | 1995.88 | 232.72 | 2228.60 | NOTE | |
r-devel-linux-x86_64-debian-gcc | 0.2.0.3 | 1917.49 | 291.61 | 2209.10 | NOTE | |
r-devel-linux-x86_64-fedora-clang | 0.2.0.3 | 2907.83 | NOTE | |||
r-devel-linux-x86_64-fedora-gcc | 0.2.0.3 | 4192.34 | NOTE | |||
r-prerel-macos-arm64 | 0.2.0.3 | 638.00 | NOTE | |||
r-prerel-windows-x86_64 | 0.2.0.3 | 1564.00 | 283.00 | 1847.00 | NOTE | |
r-patched-linux-x86_64 | 0.2.0.3 | 1536.57 | 381.61 | 1918.18 | NOTE | |
r-release-linux-x86_64 | 0.2.0.3 | 0.02 | 2.20 | 2.22 | ERROR | |
r-release-macos-arm64 | 0.2.0.3 | 676.00 | NOTE | |||
r-release-macos-x86_64 | 0.2.0.3 | 1113.00 | NOTE | |||
r-release-windows-x86_64 | 0.2.0.3 | 2014.00 | 378.00 | 2392.00 | NOTE | |
r-oldrel-macos-arm64 | 0.2.0.3 | 718.00 | NOTE | |||
r-oldrel-windows-x86_64 | 0.2.0.3 | 1928.00 | 329.00 | 2257.00 | NOTE |
Version: 0.2.0.3
Check: for GNU extensions in Makefiles
Result: NOTE
GNU make is a SystemRequirements.
Flavors: r-devel-linux-x86_64-debian-clang, r-devel-linux-x86_64-debian-gcc, r-devel-linux-x86_64-fedora-clang, r-devel-linux-x86_64-fedora-gcc, r-prerel-macos-arm64, r-prerel-windows-x86_64, r-patched-linux-x86_64, r-release-macos-arm64, r-release-macos-x86_64, r-release-windows-x86_64, r-oldrel-macos-arm64, r-oldrel-windows-x86_64
Version: 0.2.0.3
Check: installed package size
Result: NOTE
installed size is 16.3Mb
sub-directories of 1Mb or more:
libs 15.7Mb
Flavors: r-devel-linux-x86_64-fedora-clang, r-prerel-macos-arm64, r-prerel-windows-x86_64, r-release-macos-arm64, r-release-macos-x86_64, r-release-windows-x86_64, r-oldrel-macos-arm64, r-oldrel-windows-x86_64
Version: 0.2.0.3
Check: whether package can be installed
Result: ERROR
Installation failed.
Flavor: r-release-linux-x86_64