Last updated on 2025-04-30 02:50:34 CEST.
Flavor | Version | Tinstall | Tcheck | Ttotal | Status | Flags |
---|---|---|---|---|---|---|
r-devel-linux-x86_64-debian-clang | 0.3.4 | 57.66 | 58.67 | 116.33 | OK | |
r-devel-linux-x86_64-debian-gcc | 0.3.4 | 38.01 | 46.52 | 84.53 | OK | |
r-devel-linux-x86_64-fedora-clang | 0.3.4 | 199.83 | OK | |||
r-devel-linux-x86_64-fedora-gcc | 0.3.4 | 206.10 | OK | |||
r-devel-windows-x86_64 | 0.3.4 | 61.00 | 120.00 | 181.00 | OK | |
r-patched-linux-x86_64 | 0.3.4 | 48.80 | 58.39 | 107.19 | OK | |
r-release-linux-x86_64 | 0.3.4 | 49.79 | 57.99 | 107.78 | OK | |
r-release-macos-arm64 | 0.3.4 | 73.00 | OK | |||
r-release-macos-x86_64 | 0.3.4 | 196.00 | OK | |||
r-release-windows-x86_64 | 0.3.4 | 60.00 | 112.00 | 172.00 | OK | |
r-oldrel-macos-arm64 | 0.3.4 | 62.00 | NOTE | |||
r-oldrel-macos-x86_64 | 0.3.4 | 139.00 | NOTE | |||
r-oldrel-windows-x86_64 | 0.3.4 | 71.00 | 131.00 | 202.00 | OK |
Version: 0.3.4
Check: installed package size
Result: NOTE
installed size is 5.2Mb
sub-directories of 1Mb or more:
libs 4.9Mb
Flavors: r-oldrel-macos-arm64, r-oldrel-macos-x86_64