CRAN Package Check Results for Package ccid

Last updated on 2022-07-04 02:53:26 CEST.

Flavor Version Tinstall Tcheck Ttotal Status Flags
r-devel-linux-x86_64-debian-clang 1.2.0 4.00 166.22 170.22 OK
r-devel-linux-x86_64-debian-gcc 1.2.0 2.96 104.92 107.88 OK
r-devel-linux-x86_64-fedora-clang 1.2.0 200.59 WARN
r-devel-linux-x86_64-fedora-gcc 1.2.0 204.01 WARN
r-devel-windows-x86_64 1.2.0 12.00 174.00 186.00 OK
r-patched-linux-x86_64 1.2.0 3.99 157.62 161.61 OK
r-release-linux-x86_64 1.2.0 3.14 156.19 159.33 OK
r-release-macos-arm64 1.2.0 43.00 NOTE
r-release-macos-x86_64 1.2.0 79.00 NOTE
r-release-windows-x86_64 1.2.0 15.00 171.00 186.00 OK
r-oldrel-macos-arm64 1.2.0 54.00 NOTE
r-oldrel-macos-x86_64 1.2.0 77.00 NOTE
r-oldrel-windows-ix86+x86_64 1.2.0 8.00 180.00 188.00 OK

Check Details

Version: 1.2.0
Check: package dependencies
Result: WARN
    Requires (indirectly) orphaned package: ‘gtools’
Flavors: r-devel-linux-x86_64-fedora-clang, r-devel-linux-x86_64-fedora-gcc

Version: 1.2.0
Check: dependencies in R code
Result: NOTE
    Namespace in Imports field not imported from: ‘GeneNet’
     All declared Imports should be used.
Flavors: r-devel-linux-x86_64-fedora-clang, r-devel-linux-x86_64-fedora-gcc, r-release-macos-arm64, r-release-macos-x86_64, r-oldrel-macos-arm64, r-oldrel-macos-x86_64