CRAN Package Check Results for Package ccmm

Last updated on 2025-10-11 01:50:06 CEST.

Flavor Version Tinstall Tcheck Ttotal Status Flags
r-devel-linux-x86_64-debian-clang 1.0 2.43 30.68 33.11 NOTE
r-devel-linux-x86_64-debian-gcc 1.0 1.90 22.84 24.74 NOTE
r-devel-linux-x86_64-fedora-clang 1.0 40.90 OK
r-devel-linux-x86_64-fedora-gcc 1.0 47.70 OK
r-devel-windows-x86_64 1.0 3.00 52.00 55.00 OK
r-patched-linux-x86_64 1.0 2.44 29.37 31.81 OK
r-release-linux-x86_64 1.0 2.20 28.86 31.06 OK
r-release-macos-arm64 1.0 19.00 OK
r-release-macos-x86_64 1.0 35.00 OK
r-release-windows-x86_64 1.0 3.00 55.00 58.00 OK
r-oldrel-macos-arm64 1.0 21.00 OK
r-oldrel-macos-x86_64 1.0 34.00 OK
r-oldrel-windows-x86_64 1.0 3.00 59.00 62.00 OK

Check Details

Version: 1.0
Check: CRAN incoming feasibility
Result: NOTE Maintainer: ‘Michael B. Sohn <msohn@mail.med.upenn.edu>’ No Authors@R field in DESCRIPTION. Please add one, modifying Authors@R: person(given = c("Michael", "B."), family = "Sohn", role = c("aut", "cre"), email = "msohn@mail.med.upenn.edu") as necessary. Flavors: r-devel-linux-x86_64-debian-clang, r-devel-linux-x86_64-debian-gcc