CRAN Package Check Results for Package cdcatR

Last updated on 2022-08-12 01:49:59 CEST.

Flavor Version Tinstall Tcheck Ttotal Status Flags
r-devel-linux-x86_64-debian-clang 1.0.6 5.98 48.85 54.83 NOTE
r-devel-linux-x86_64-debian-gcc 1.0.6 5.13 35.75 40.88 NOTE
r-devel-linux-x86_64-fedora-clang 1.0.6 74.61 NOTE
r-devel-linux-x86_64-fedora-gcc 1.0.6 75.39 NOTE
r-devel-windows-x86_64 1.0.6 16.00 70.00 86.00 NOTE
r-patched-linux-x86_64 1.0.6 4.07 45.15 49.22 OK
r-release-linux-x86_64 1.0.6 3.93 45.50 49.43 OK
r-release-macos-arm64 1.0.6 25.00 OK
r-release-macos-x86_64 1.0.6 32.00 OK
r-release-windows-x86_64 1.0.6 19.00 69.00 88.00 OK
r-oldrel-macos-arm64 1.0.6 25.00 OK
r-oldrel-macos-x86_64 1.0.6 30.00 OK
r-oldrel-windows-ix86+x86_64 1.0.6 14.00 67.00 81.00 OK

Check Details

Version: 1.0.6
Check: package subdirectories
Result: NOTE
    Problems with news in 'NEWS.md':
    No news entries found.
Flavors: r-devel-linux-x86_64-debian-clang, r-devel-linux-x86_64-debian-gcc, r-devel-linux-x86_64-fedora-clang, r-devel-linux-x86_64-fedora-gcc, r-devel-windows-x86_64