Last updated on 2025-05-06 02:50:13 CEST.
Flavor | Version | Tinstall | Tcheck | Ttotal | Status | Flags |
---|---|---|---|---|---|---|
r-devel-linux-x86_64-debian-clang | 0.1.0 | 6.14 | 49.11 | 55.25 | NOTE | |
r-devel-linux-x86_64-debian-gcc | 0.1.0 | 4.11 | 36.10 | 40.21 | NOTE | |
r-devel-linux-x86_64-fedora-clang | 0.1.0 | 74.02 | OK | |||
r-devel-linux-x86_64-fedora-gcc | 0.1.0 | 78.51 | OK | |||
r-devel-windows-x86_64 | 0.1.0 | 6.00 | 61.00 | 67.00 | OK | |
r-patched-linux-x86_64 | 0.1.0 | 5.72 | 43.98 | 49.70 | OK | |
r-release-linux-x86_64 | 0.1.0 | 5.70 | 43.76 | 49.46 | OK | |
r-release-macos-arm64 | 0.1.0 | 25.00 | OK | |||
r-release-macos-x86_64 | 0.1.0 | 65.00 | OK | |||
r-release-windows-x86_64 | 0.1.0 | 8.00 | 59.00 | 67.00 | OK | |
r-oldrel-macos-arm64 | 0.1.0 | 26.00 | OK | |||
r-oldrel-macos-x86_64 | 0.1.0 | 44.00 | OK | |||
r-oldrel-windows-x86_64 | 0.1.0 | 9.00 | 72.00 | 81.00 | OK |
Version: 0.1.0
Check: CRAN incoming feasibility
Result: NOTE
Maintainer: ‘Philippe Massicotte <pm@bios.au.dk>’
Package CITATION file contains call(s) to old-style personList() or
as.personList(). Please use c() on person objects instead.
Package CITATION file contains call(s) to old-style citEntry(). Please
use bibentry() instead.
Flavors: r-devel-linux-x86_64-debian-clang, r-devel-linux-x86_64-debian-gcc