Last updated on 2024-03-29 01:51:01 CET.
Flavor | Version | Tinstall | Tcheck | Ttotal | Status | Flags |
---|---|---|---|---|---|---|
r-devel-linux-x86_64-debian-clang | 2.5.3 | 151.31 | 293.31 | 444.62 | OK | |
r-devel-linux-x86_64-debian-gcc | 2.5.3 | 124.58 | 226.36 | 350.94 | OK | |
r-devel-linux-x86_64-fedora-clang | 2.5.3 | 625.58 | NOTE | |||
r-devel-linux-x86_64-fedora-gcc | 2.5.3 | 628.85 | OK | |||
r-devel-windows-x86_64 | 2.5.3 | 126.00 | 279.00 | 405.00 | NOTE | |
r-patched-linux-x86_64 | 2.5.3 | 154.46 | 301.71 | 456.17 | OK | |
r-release-linux-x86_64 | 2.5.3 | 148.38 | 302.97 | 451.35 | OK | |
r-release-macos-arm64 | 2.5.3 | 169.00 | NOTE | |||
r-release-macos-x86_64 | 2.5.3 | 309.00 | NOTE | |||
r-release-windows-x86_64 | 2.5.3 | 154.00 | 340.00 | 494.00 | NOTE | |
r-oldrel-macos-arm64 | 2.5.3 | 209.00 | NOTE | |||
r-oldrel-windows-x86_64 | 2.5.3 | 147.00 | 341.00 | 488.00 | NOTE |
Version: 2.5.3
Check: installed package size
Result: NOTE
installed size is 6.6Mb
sub-directories of 1Mb or more:
data 3.2Mb
doc 2.0Mb
Flavors: r-devel-linux-x86_64-fedora-clang, r-devel-windows-x86_64, r-release-macos-arm64, r-release-macos-x86_64, r-release-windows-x86_64, r-oldrel-macos-arm64, r-oldrel-windows-x86_64