Last updated on 2025-10-31 01:48:53 CET.
| Flavor | Version | Tinstall | Tcheck | Ttotal | Status | Flags | 
|---|---|---|---|---|---|---|
| r-devel-linux-x86_64-debian-clang | 0.3.0 | 10.85 | 125.71 | 136.56 | OK | |
| r-devel-linux-x86_64-debian-gcc | 0.3.0 | 7.48 | 91.42 | 98.90 | OK | |
| r-devel-linux-x86_64-fedora-clang | 0.3.0 | 70.00 | 143.86 | 213.86 | OK | |
| r-devel-linux-x86_64-fedora-gcc | 0.3.0 | 79.00 | 135.03 | 214.03 | OK | |
| r-devel-windows-x86_64 | 0.3.0 | 12.00 | 121.00 | 133.00 | OK | |
| r-patched-linux-x86_64 | 0.3.0 | 11.40 | 101.85 | 113.25 | ERROR | |
| r-release-linux-x86_64 | 0.3.0 | 9.11 | 118.21 | 127.32 | OK | |
| r-release-macos-arm64 | 0.3.0 | 4.00 | 44.00 | 48.00 | OK | |
| r-release-macos-x86_64 | 0.3.0 | 7.00 | 90.00 | 97.00 | OK | |
| r-release-windows-x86_64 | 0.3.0 | 13.00 | 122.00 | 135.00 | OK | |
| r-oldrel-macos-arm64 | 0.3.0 | 5.00 | 46.00 | 51.00 | OK | |
| r-oldrel-macos-x86_64 | 0.3.0 | 7.00 | 76.00 | 83.00 | OK | |
| r-oldrel-windows-x86_64 | 0.3.0 | 15.00 | 157.00 | 172.00 | OK | 
Version: 0.3.0
Check: tests
Result: ERROR
    Running ‘testthat.R’ [9s/11s]
  Running the tests in ‘tests/testthat.R’ failed.
  Complete output:
    > library(testthat)
    > library(cellpypes)
    > 
    > test_check("cellpypes")
    [ FAIL 2 | WARN 4 | SKIP 0 | PASS 53 ]
    
    ══ Failed tests ════════════════════════════════════════════════════════════════
    ── Failure ('test-pseudobulk.R:10:3'): class_to_deseq2 example working ─────────
    `{ ... }` threw an unexpected error.
    Message: Install DESeq2 to use class_to_deseq2 function.
    Class:   simpleError/error/condition
    Backtrace:
        ▆
     1. ├─testthat::expect_error(...) at test-pseudobulk.R:10:3
     2. │ └─testthat:::expect_condition_matching(...)
     3. │   └─testthat:::quasi_capture(...)
     4. │     ├─testthat (local) .capture(...)
     5. │     │ └─base::withCallingHandlers(...)
     6. │     └─rlang::eval_bare(quo_get_expr(.quo), quo_get_env(.quo))
     7. └─cellpypes::class_to_deseq2(obj, meta_data, "T", ~treatment) at test-pseudobulk.R:20:7
    ── Error ('test-pseudobulk.R:61:3'): class_to_deseq2 stops gracefully if class has zero cells. ──
    Error in `class_to_deseq2(dds, meta_data, "T", ~treatment)`: Install DESeq2 to use class_to_deseq2 function.
    Backtrace:
        ▆
     1. ├─testthat::expect_error(...) at test-pseudobulk.R:61:3
     2. │ └─testthat:::expect_condition_matching(...)
     3. │   └─testthat:::quasi_capture(...)
     4. │     ├─testthat (local) .capture(...)
     5. │     │ └─base::withCallingHandlers(...)
     6. │     └─rlang::eval_bare(quo_get_expr(.quo), quo_get_env(.quo))
     7. └─cellpypes::class_to_deseq2(dds, meta_data, "T", ~treatment)
    
    [ FAIL 2 | WARN 4 | SKIP 0 | PASS 53 ]
    Error: Test failures
    Execution halted
Flavor: r-patched-linux-x86_64