Last updated on 2024-04-18 01:55:08 CEST.
Flavor | Version | Tinstall | Tcheck | Ttotal | Status | Flags |
---|---|---|---|---|---|---|
r-devel-linux-x86_64-debian-clang | 1.1.31 | 17.35 | 111.23 | 128.58 | OK | |
r-devel-linux-x86_64-debian-gcc | 1.1.31 | 9.26 | 78.17 | 87.43 | OK | |
r-devel-linux-x86_64-fedora-clang | 1.1.31 | 166.23 | OK | |||
r-devel-linux-x86_64-fedora-gcc | 1.1.31 | 166.33 | OK | |||
r-prerel-macos-arm64 | 1.1.31 | 72.00 | OK | |||
r-prerel-windows-x86_64 | 1.1.31 | 9.00 | 100.00 | 109.00 | OK | |
r-patched-linux-x86_64 | 1.1.31 | 16.30 | 104.37 | 120.67 | OK | |
r-release-linux-x86_64 | 1.1.31 | 9.11 | 94.57 | 103.68 | OK | |
r-release-macos-arm64 | 1.1.31 | 55.00 | OK | |||
r-release-macos-x86_64 | 1.1.31 | 82.00 | NOTE | |||
r-release-windows-x86_64 | 1.1.31 | 12.00 | 110.00 | 122.00 | OK | |
r-oldrel-macos-arm64 | 1.1.31 | 83.00 | OK | |||
r-oldrel-windows-x86_64 | 1.1.31 | 15.00 | 117.00 | 132.00 | OK |
Version: 1.1.31
Check: re-building of vignette outputs
Result: NOTE
Error(s) in re-building vignettes:
--- re-building ‘cem.Rnw’ using Sweave
Loading required package: cem
Loading required package: tcltk
Loading required package: lattice
How to use CEM? Type vignette("cem")
Loading required package: Amelia
Loading required package: Rcpp
##
## Amelia II: Multiple Imputation
## (Version 1.8.1, built: 2022-11-18)
## Copyright (C) 2005-2023 James Honaker, Gary King and Matthew Blackwell
## Refer to http://gking.harvard.edu/amelia/ for more information
##
Error: processing vignette 'cem.Rnw' failed with diagnostics:
Running 'texi2dvi' on 'cem.tex' failed.
BibTeX errors:
The top-level auxiliary file: cem.aux
I couldn't open style file apsr.bst
---line 66 of file cem.aux
: \bibstyle{apsr
: }
I'm skipping whatever remains of this command
I found no style file---while reading file cem.aux
--- failed re-building ‘cem.Rnw’
SUMMARY: processing the following file failed:
‘cem.Rnw’
Error: Vignette re-building failed.
Execution halted
Flavor: r-release-macos-x86_64