Last updated on 2024-08-16 01:48:14 CEST.
Flavor | Version | Tinstall | Tcheck | Ttotal | Status | Flags |
---|---|---|---|---|---|---|
r-devel-linux-x86_64-debian-clang | 0.2.3 | 2.79 | 31.01 | 33.80 | NOTE | |
r-devel-linux-x86_64-debian-gcc | 0.2.3 | 2.68 | 23.41 | 26.09 | NOTE | |
r-devel-linux-x86_64-fedora-clang | 0.2.3 | 53.79 | NOTE | |||
r-devel-linux-x86_64-fedora-gcc | 0.2.3 | 51.57 | NOTE | |||
r-devel-windows-x86_64 | 0.2.3 | 6.00 | 51.00 | 57.00 | NOTE | |
r-patched-linux-x86_64 | 0.2.3 | 3.87 | 28.87 | 32.74 | NOTE | |
r-release-linux-x86_64 | 0.2.3 | 3.36 | 29.31 | 32.67 | NOTE | |
r-release-macos-arm64 | 0.2.3 | 20.00 | NOTE | |||
r-release-macos-x86_64 | 0.2.3 | 29.00 | NOTE | |||
r-release-windows-x86_64 | 0.2.3 | 6.00 | 50.00 | 56.00 | NOTE | |
r-oldrel-macos-arm64 | 0.2.3 | 21.00 | OK | |||
r-oldrel-macos-x86_64 | 0.2.3 | 43.00 | OK | |||
r-oldrel-windows-x86_64 | 0.2.3 | 6.00 | 56.00 | 62.00 | OK |
Version: 0.2.3
Check: Rd files
Result: NOTE
checkRd: (-1) create_unit_tests.Rd:17: Lost braces; missing escapes or markup?
17 | Create `{testthat}` test cases for the code.
| ^
Flavors: r-devel-linux-x86_64-debian-clang, r-devel-linux-x86_64-debian-gcc, r-devel-linux-x86_64-fedora-clang, r-devel-linux-x86_64-fedora-gcc, r-devel-windows-x86_64, r-patched-linux-x86_64, r-release-linux-x86_64, r-release-macos-arm64, r-release-macos-x86_64, r-release-windows-x86_64