CRAN Package Check Results for Package cheatsheet

Last updated on 2022-01-17 01:48:17 CET.

Flavor Version Tinstall Tcheck Ttotal Status Flags
r-devel-linux-x86_64-debian-clang 0.1.0 1.88 255.67 257.55 OK
r-devel-linux-x86_64-debian-gcc 0.1.0 1.80 191.76 193.56 OK
r-devel-linux-x86_64-fedora-clang 0.1.0 196.37 NOTE
r-devel-linux-x86_64-fedora-gcc 0.1.0 182.79 NOTE
r-devel-windows-x86_64-new-UL 0.1.0 31.00 270.00 301.00 OK
r-devel-windows-x86_64-new-TK 0.1.0 NOTE
r-patched-linux-x86_64 0.1.0 2.48 0.02 2.50 FAIL
r-release-linux-x86_64 0.1.0 OK
r-release-macos-arm64 0.1.0 NOTE
r-release-macos-x86_64 0.1.0 NOTE
r-release-windows-ix86+x86_64 0.1.0 6.00 498.00 504.00 OK
r-oldrel-macos-x86_64 0.1.0 NOTE
r-oldrel-windows-ix86+x86_64 0.1.0 6.00 426.00 432.00 OK

Check Details

Version: 0.1.0
Check: dependencies in R code
Result: NOTE
    Namespaces in Imports field not imported from:
     ‘rappdirs’ ‘stringr’
     All declared Imports should be used.
Flavors: r-devel-linux-x86_64-fedora-clang, r-devel-linux-x86_64-fedora-gcc, r-devel-windows-x86_64-new-TK, r-release-macos-arm64, r-release-macos-x86_64, r-oldrel-macos-x86_64

Version: 0.1.0
Check: tests
Result: FAIL
Flavor: r-patched-linux-x86_64