Last updated on 2025-05-02 01:51:52 CEST.
Flavor | Version | Tinstall | Tcheck | Ttotal | Status | Flags |
---|---|---|---|---|---|---|
r-devel-linux-x86_64-debian-clang | 1.2.0 | 6.76 | 195.30 | 202.06 | NOTE | |
r-devel-linux-x86_64-debian-gcc | 1.2.0 | 4.93 | 141.05 | 145.98 | OK | |
r-devel-linux-x86_64-fedora-clang | 1.2.0 | 322.36 | OK | |||
r-devel-linux-x86_64-fedora-gcc | 1.2.0 | 298.55 | OK | |||
r-devel-windows-x86_64 | 1.2.0 | 10.00 | 199.00 | 209.00 | OK | |
r-patched-linux-x86_64 | 1.2.0 | 6.94 | 186.27 | 193.21 | OK | |
r-release-linux-x86_64 | OK | |||||
r-release-macos-arm64 | 1.2.0 | 101.00 | OK | |||
r-release-macos-x86_64 | 1.2.0 | 175.00 | OK | |||
r-release-windows-x86_64 | 1.2.0 | 10.00 | 209.00 | 219.00 | OK | |
r-oldrel-macos-arm64 | 1.2.0 | 101.00 | OK | |||
r-oldrel-macos-x86_64 | 1.2.0 | 242.00 | OK | |||
r-oldrel-windows-x86_64 | 1.2.0 | 11.00 | 248.00 | 259.00 | OK |
Version: 1.2.0
Check: examples
Result: NOTE
Examples with CPU (user + system) or elapsed time > 5s
user system elapsed
chem16S-data 7.067 0.419 9.753
phyloseq_integration 6.799 0.194 7.903
Flavor: r-devel-linux-x86_64-debian-clang